{"id":10488,"date":"2024-09-23T17:06:37","date_gmt":"2024-09-23T20:06:37","guid":{"rendered":"https:\/\/chilemosaico.cl\/eventos\/?post_type=mec-events&#038;p=10488"},"modified":"2024-09-23T17:24:39","modified_gmt":"2024-09-23T20:24:39","slug":"conversatorio-artes-visuales-como-sector","status":"publish","type":"mec-events","link":"https:\/\/chilemosaico.cl\/eventos\/eventos\/conversatorio-artes-visuales-como-sector\/","title":{"rendered":"Conversatorio Artes Visuales como sector"},"content":{"rendered":"<p>En este conversatorio participar\u00e1 CREAIMAGEN para aproximarnos a una dimensi\u00f3n m\u00e1s concreta del derecho de autor en las artes visuales.<\/p>\n<p>Y en un segundo panel, tanto Pedro Rodr\u00edguez Fischer como Mar\u00eda In\u00e9s Candia, reconocidos con el Premio de Artes, Cultura y Patrimonio \u00abGuillermo Jorquera Morales\u00bb 2023, nos contar\u00e1n  sobre sus trayectorias art\u00edsticas que han sido significativas para el espacio regional.<\/p>\n<p>A su vez, esta celebraci\u00f3n se extender\u00e1 hacia el mes de octubre con la exposici\u00f3n \u00abDesiertos y Salares\u00bb de los artistas destacados anteriormente, cuya inauguraci\u00f3n ser\u00e1 el 11 de octubre en el Museo Regional de Iquique.<\/p>\n<p>Te esperamos este viernes 27 de septiembre. Muchos saludos,<\/p>\n","protected":false},"excerpt":{"rendered":"<p>En este conversatorio participar\u00e1 CREAIMAGEN para aproximarnos a una dimensi\u00f3n m\u00e1s concreta del derecho de autor en las artes visuales. Y en un segundo panel, tanto Pedro Rodr\u00edguez Fischer como Mar\u00eda In\u00e9s Candia, reconocidos con el Premio de Artes, Cultura y Patrimonio \u00abGuillermo Jorquera Morales\u00bb 2023, nos contar\u00e1n sobre sus trayectorias art\u00edsticas que han sido&#8230;<\/p>\n","protected":false},"author":1,"featured_media":10490,"comment_status":"closed","ping_status":"closed","template":"","meta":{"om_disable_all_campaigns":false,"_monsterinsights_skip_tracking":false,"_monsterinsights_sitenote_active":false,"_monsterinsights_sitenote_note":"","_monsterinsights_sitenote_category":0,"_kad_post_transparent":"","_kad_post_title":"","_kad_post_layout":"","_kad_post_sidebar_id":"","_kad_post_content_style":"","_kad_post_vertical_padding":"","_kad_post_feature":"","_kad_post_feature_position":"","_kad_post_header":false,"_kad_post_footer":false,"_kad_post_classname":""},"tags":[],"mec_category":[53],"mec_sponsor":[],"class_list":["post-10488","mec-events","type-mec-events","status-publish","has-post-thumbnail","hentry","mec_category-artes-visuales"],"aioseo_notices":[],"_links":{"self":[{"href":"https:\/\/chilemosaico.cl\/eventos\/wp-json\/wp\/v2\/mec-events\/10488","targetHints":{"allow":["GET"]}}],"collection":[{"href":"https:\/\/chilemosaico.cl\/eventos\/wp-json\/wp\/v2\/mec-events"}],"about":[{"href":"https:\/\/chilemosaico.cl\/eventos\/wp-json\/wp\/v2\/types\/mec-events"}],"author":[{"embeddable":true,"href":"https:\/\/chilemosaico.cl\/eventos\/wp-json\/wp\/v2\/users\/1"}],"replies":[{"embeddable":true,"href":"https:\/\/chilemosaico.cl\/eventos\/wp-json\/wp\/v2\/comments?post=10488"}],"wp:featuredmedia":[{"embeddable":true,"href":"https:\/\/chilemosaico.cl\/eventos\/wp-json\/wp\/v2\/media\/10490"}],"wp:attachment":[{"href":"https:\/\/chilemosaico.cl\/eventos\/wp-json\/wp\/v2\/media?parent=10488"}],"wp:term":[{"taxonomy":"post_tag","embeddable":true,"href":"https:\/\/chilemosaico.cl\/eventos\/wp-json\/wp\/v2\/tags?post=10488"},{"taxonomy":"mec_category","embeddable":true,"href":"https:\/\/chilemosaico.cl\/eventos\/wp-json\/wp\/v2\/mec_category?post=10488"},{"taxonomy":"mec_sponsor","embeddable":true,"href":"https:\/\/chilemosaico.cl\/eventos\/wp-json\/wp\/v2\/mec_sponsor?post=10488"}],"curies":[{"name":"wp","href":"https:\/\/api.w.org\/{rel}","templated":true}]}}

<p>En este conversatorio participará CREAIMAGEN para aproximarnos a una dimensión más concreta del derecho de autor en las artes visuales.</p>
<p>Y en un segundo panel, tanto Pedro Rodríguez Fischer como María Inés Candia, reconocidos con el Premio de Artes, Cultura y Patrimonio «Guillermo Jorquera Morales» 2023, nos contarán  sobre sus trayectorias artísticas que han sido significativas para el espacio regional.</p>
<p>A su vez, esta celebración se extenderá hacia el mes de octubre con la exposición «Desiertos y Salares» de los artistas destacados anteriormente, cuya inauguración será el 11 de octubre en el Museo Regional de Iquique.</p>
<p>Te esperamos este viernes 27 de septiembre. Muchos saludos,</p>

<p>En este conversatorio participará CREAIMAGEN para aproximarnos a una dimensión más concreta del derecho de autor en las artes visuales. Y en un segundo panel, tanto Pedro Rodríguez Fischer como María Inés Candia, reconocidos con el Premio de Artes, Cultura y Patrimonio «Guillermo Jorquera Morales» 2023, nos contarán sobre sus trayectorias artísticas que han sido&#8230;</p>
