{"id":10951,"date":"2024-11-12T17:47:04","date_gmt":"2024-11-12T20:47:04","guid":{"rendered":"https:\/\/chilemosaico.cl\/eventos\/?post_type=mec-events&#038;p=10951"},"modified":"2024-11-12T17:47:04","modified_gmt":"2024-11-12T20:47:04","slug":"re-imaginar-la-escuela","status":"publish","type":"mec-events","link":"https:\/\/chilemosaico.cl\/eventos\/eventos\/re-imaginar-la-escuela\/","title":{"rendered":"Re-imaginar la escuela"},"content":{"rendered":"<p>EXPOSICI\u00d3N || \u00a1Re-imaginar la escuela llega a Arica! \ud83d\udcad<\/p>\n<p>El proyecto \u201cRe-imaginar la escuela: Reflexiones sobre la arquitectura escolar moderna en Chile (1940-1980)\u201d ha organizado dos exposiciones y actividades en tres regiones de Chile: Valpara\u00edso, Metropolitana y, ahora, desde el 14 de noviembre hasta el 12 de diciembre, en la Ex Aduana de Arica, disponible con entrada gratuita \u2728 y abierta a todo p\u00fablico.<\/p>\n<p>La exposici\u00f3n fruto de una investigaci\u00f3n ha sido desarrollada por parte del equipo docente de la Escuela de Arquitectura y Dise\u00f1o, con Ursula Exss como responsable principal, en colaboraci\u00f3n con Marcelo Araya, Valentina Monsalve, Pia Schauder, integrante del equipo de investigaci\u00f3n de la Ead y Carolina R\u00edos, ilustradora y Alumni PUCV \ud83d\udca1.<\/p>\n<p>La muestra destaca de manera creativa y did\u00e1ctica c\u00f3mo la arquitectura ha renovado el v\u00ednculo entre ense\u00f1anza y aprendizaje en las escuelas p\u00fablicas chilenas, explorando edificios escolares construidos entre 1940 y 1980, participando en la regi\u00f3n de Arica y Parinacota la Escuela Tucapel, Argentina, Liceo Jovina Naranjo y Octavio Palma P\u00e9rez\u203c\ufe0f<\/p>\n<p>En el marco de la exposici\u00f3n se realizar\u00e1n diversas actividades gratuitas e interactivas para infancias, educadores y el p\u00fablico en general, esperando que el proyecto ampl\u00ede el conocimiento sobre el impacto hist\u00f3rico de la arquitectura en la educaci\u00f3n en Chile, utilizando m\u00e9todos visuales y gr\u00e1ficos que promuevan la reflexi\u00f3n y participaci\u00f3n.<\/p>\n<p>\ud83d\udc49\ud83c\udffcESTA EXPOSICI\u00d3N SE ENCONTRAR\u00c1 DISPONIBLE EN LA \u201cEX-ADUANA\u201d, Arturo Prat #305.<\/p>\n<p>\ud83d\udc49\ud83c\udffcEl proyecto es financiado por el Fondo Fondart Regional Convocatoria 2024 y realizado en colaboraci\u00f3n con Casa Cultural Yanulaque, cuyo Plan de gesti\u00f3n es financiado por el Programa de Apoyo a Organizaciones Culturales Colaboradoras, convocatoria 2023 y el apoyo de la Municipalidad de Arica.<\/p>\n<p>\u00a1Les invitamos a visitarla y a re-imaginar juntos la escuela del futuro!\u2728 <\/p>\n","protected":false},"excerpt":{"rendered":"<p>EXPOSICI\u00d3N || \u00a1Re-imaginar la escuela llega a Arica! \ud83d\udcad El proyecto \u201cRe-imaginar la escuela: Reflexiones sobre la arquitectura escolar moderna en Chile (1940-1980)\u201d ha organizado dos exposiciones y actividades en tres regiones de Chile: Valpara\u00edso, Metropolitana y, ahora, desde el 14 de noviembre hasta el 12 de diciembre, en la Ex Aduana de Arica, disponible&#8230;<\/p>\n","protected":false},"author":1,"featured_media":10952,"comment_status":"closed","ping_status":"closed","template":"","meta":{"om_disable_all_campaigns":false,"_monsterinsights_skip_tracking":false,"_monsterinsights_sitenote_active":false,"_monsterinsights_sitenote_note":"","_monsterinsights_sitenote_category":0,"_kad_post_transparent":"","_kad_post_title":"","_kad_post_layout":"","_kad_post_sidebar_id":"","_kad_post_content_style":"","_kad_post_vertical_padding":"","_kad_post_feature":"","_kad_post_feature_position":"","_kad_post_header":false,"_kad_post_footer":false,"_kad_post_classname":""},"tags":[],"mec_category":[53],"mec_sponsor":[],"class_list":["post-10951","mec-events","type-mec-events","status-publish","has-post-thumbnail","hentry","mec_category-artes-visuales"],"aioseo_notices":[],"_links":{"self":[{"href":"https:\/\/chilemosaico.cl\/eventos\/wp-json\/wp\/v2\/mec-events\/10951","targetHints":{"allow":["GET"]}}],"collection":[{"href":"https:\/\/chilemosaico.cl\/eventos\/wp-json\/wp\/v2\/mec-events"}],"about":[{"href":"https:\/\/chilemosaico.cl\/eventos\/wp-json\/wp\/v2\/types\/mec-events"}],"author":[{"embeddable":true,"href":"https:\/\/chilemosaico.cl\/eventos\/wp-json\/wp\/v2\/users\/1"}],"replies":[{"embeddable":true,"href":"https:\/\/chilemosaico.cl\/eventos\/wp-json\/wp\/v2\/comments?post=10951"}],"wp:featuredmedia":[{"embeddable":true,"href":"https:\/\/chilemosaico.cl\/eventos\/wp-json\/wp\/v2\/media\/10952"}],"wp:attachment":[{"href":"https:\/\/chilemosaico.cl\/eventos\/wp-json\/wp\/v2\/media?parent=10951"}],"wp:term":[{"taxonomy":"post_tag","embeddable":true,"href":"https:\/\/chilemosaico.cl\/eventos\/wp-json\/wp\/v2\/tags?post=10951"},{"taxonomy":"mec_category","embeddable":true,"href":"https:\/\/chilemosaico.cl\/eventos\/wp-json\/wp\/v2\/mec_category?post=10951"},{"taxonomy":"mec_sponsor","embeddable":true,"href":"https:\/\/chilemosaico.cl\/eventos\/wp-json\/wp\/v2\/mec_sponsor?post=10951"}],"curies":[{"name":"wp","href":"https:\/\/api.w.org\/{rel}","templated":true}]}}

<p>EXPOSICIÓN || ¡Re-imaginar la escuela llega a Arica! 💭</p>
<p>El proyecto “Re-imaginar la escuela: Reflexiones sobre la arquitectura escolar moderna en Chile (1940-1980)” ha organizado dos exposiciones y actividades en tres regiones de Chile: Valparaíso, Metropolitana y, ahora, desde el 14 de noviembre hasta el 12 de diciembre, en la Ex Aduana de Arica, disponible con entrada gratuita ✨ y abierta a todo público.</p>
<p>La exposición fruto de una investigación ha sido desarrollada por parte del equipo docente de la Escuela de Arquitectura y Diseño, con Ursula Exss como responsable principal, en colaboración con Marcelo Araya, Valentina Monsalve, Pia Schauder, integrante del equipo de investigación de la Ead y Carolina Ríos, ilustradora y Alumni PUCV 💡.</p>
<p>La muestra destaca de manera creativa y didáctica cómo la arquitectura ha renovado el vínculo entre enseñanza y aprendizaje en las escuelas públicas chilenas, explorando edificios escolares construidos entre 1940 y 1980, participando en la región de Arica y Parinacota la Escuela Tucapel, Argentina, Liceo Jovina Naranjo y Octavio Palma Pérez‼️</p>
<p>En el marco de la exposición se realizarán diversas actividades gratuitas e interactivas para infancias, educadores y el público en general, esperando que el proyecto amplíe el conocimiento sobre el impacto histórico de la arquitectura en la educación en Chile, utilizando métodos visuales y gráficos que promuevan la reflexión y participación.</p>
<p>👉🏼ESTA EXPOSICIÓN SE ENCONTRARÁ DISPONIBLE EN LA “EX-ADUANA”, Arturo Prat #305.</p>
<p>👉🏼El proyecto es financiado por el Fondo Fondart Regional Convocatoria 2024 y realizado en colaboración con Casa Cultural Yanulaque, cuyo Plan de gestión es financiado por el Programa de Apoyo a Organizaciones Culturales Colaboradoras, convocatoria 2023 y el apoyo de la Municipalidad de Arica.</p>
<p>¡Les invitamos a visitarla y a re-imaginar juntos la escuela del futuro!✨ </p>

<p>EXPOSICIÓN || ¡Re-imaginar la escuela llega a Arica! 💭 El proyecto “Re-imaginar la escuela: Reflexiones sobre la arquitectura escolar moderna en Chile (1940-1980)” ha organizado dos exposiciones y actividades en tres regiones de Chile: Valparaíso, Metropolitana y, ahora, desde el 14 de noviembre hasta el 12 de diciembre, en la Ex Aduana de Arica, disponible&#8230;</p>
