{"id":12441,"date":"2025-06-17T00:32:15","date_gmt":"2025-06-17T04:32:15","guid":{"rendered":"https:\/\/chilemosaico.cl\/eventos\/?post_type=mec-events&#038;p=12441"},"modified":"2025-06-17T00:45:18","modified_gmt":"2025-06-17T04:45:18","slug":"paradero-cultural-junio-rosa","status":"publish","type":"mec-events","link":"https:\/\/chilemosaico.cl\/eventos\/eventos\/paradero-cultural-junio-rosa\/","title":{"rendered":"Paradero Cultural Junio Rosa"},"content":{"rendered":"<p>\ud83c\udfb6ESPECT\u00c1CULOS &#8211; Paradero Cultural JUNIO ROSA \ud83e\ude77\ud83c\udff3\ufe0f\u200d\ud83c\udf08\ud83c\udfb6<\/p>\n<p>Este s\u00e1bado se viene recargado de m\u00fasica en vivo y espect\u00e1culos para darlo todo y m\u00e1s en este Paradero cultural, instancia abierta a toda la comunidad, d\u00f3nde podr\u00e1 disfrutar de Talleres y charlas Gratuitas junto a Turquesa y Diego Simon sobre el mes del orgullo, podr\u00e1s visitar la feria libre, los servicios varios que ofreceremos dicho d\u00eda y un gran cierre art\u00edsticos de espect\u00e1culos de primer nivel junto a grandes artistas de la regi\u00f3n:<\/p>\n<p>Line Up \/ Paradero Cultural ROSA \ud83e\ude77\ud83e\ude77\ud83e\ude77<\/p>\n<p>\u25aa\ufe0f19hrs \/ M\u00fasica en vivo &#8211; D&#8217;Pearls @d_pearls_banda_<br \/>\n\u25ab\ufe0f19.30hrs \/ Danza y espect\u00e1culo &#8211; Kiki House of Mamaquilla @houseofmamaquilla<br \/>\n\u25aa\ufe0f20hrs \/ M\u00fasica y Danza &#8211; Ana\u00ed Coleonni y sus bailarines @anai.coleonni.roth<br \/>\n\u25ab\ufe0f20.30hrs \/ M\u00fasica en vivo &#8211; Rubino Musical @rubino.musical<br \/>\n\u25aa\ufe0f21hrs \/ M\u00fasica en vivo &#8211; Andr\u00f3meda Phi @andromeda_phi<\/p>\n<p>Les esperamos este s\u00e1bado desde las 17hrs en Vivar 1342 (entre Orella y Riquelme) para disfrutar de este encuentro art\u00edstico cultural en la ciudad de Iquique<\/p>\n<p>\u00a1No te lo pierdas! \ud83d\udd25\ud83d\udd25\ud83d\udd25<\/p>\n","protected":false},"excerpt":{"rendered":"<p>\ud83c\udfb6ESPECT\u00c1CULOS &#8211; Paradero Cultural JUNIO ROSA \ud83e\ude77\ud83c\udff3\ufe0f\u200d\ud83c\udf08\ud83c\udfb6 Este s\u00e1bado se viene recargado de m\u00fasica en vivo y espect\u00e1culos para darlo todo y m\u00e1s en este Paradero cultural, instancia abierta a toda la comunidad, d\u00f3nde podr\u00e1 disfrutar de Talleres y charlas Gratuitas junto a Turquesa y Diego Simon sobre el mes del orgullo, podr\u00e1s visitar la&#8230;<\/p>\n","protected":false},"author":1,"featured_media":12449,"comment_status":"closed","ping_status":"closed","template":"","meta":{"om_disable_all_campaigns":false,"_monsterinsights_skip_tracking":false,"_monsterinsights_sitenote_active":false,"_monsterinsights_sitenote_note":"","_monsterinsights_sitenote_category":0,"_kad_post_transparent":"","_kad_post_title":"","_kad_post_layout":"","_kad_post_sidebar_id":"","_kad_post_content_style":"","_kad_post_vertical_padding":"","_kad_post_feature":"","_kad_post_feature_position":"","_kad_post_header":false,"_kad_post_footer":false,"_kad_post_classname":""},"tags":[],"mec_category":[],"mec_sponsor":[],"class_list":["post-12441","mec-events","type-mec-events","status-publish","has-post-thumbnail","hentry"],"aioseo_notices":[],"_links":{"self":[{"href":"https:\/\/chilemosaico.cl\/eventos\/wp-json\/wp\/v2\/mec-events\/12441","targetHints":{"allow":["GET"]}}],"collection":[{"href":"https:\/\/chilemosaico.cl\/eventos\/wp-json\/wp\/v2\/mec-events"}],"about":[{"href":"https:\/\/chilemosaico.cl\/eventos\/wp-json\/wp\/v2\/types\/mec-events"}],"author":[{"embeddable":true,"href":"https:\/\/chilemosaico.cl\/eventos\/wp-json\/wp\/v2\/users\/1"}],"replies":[{"embeddable":true,"href":"https:\/\/chilemosaico.cl\/eventos\/wp-json\/wp\/v2\/comments?post=12441"}],"wp:featuredmedia":[{"embeddable":true,"href":"https:\/\/chilemosaico.cl\/eventos\/wp-json\/wp\/v2\/media\/12449"}],"wp:attachment":[{"href":"https:\/\/chilemosaico.cl\/eventos\/wp-json\/wp\/v2\/media?parent=12441"}],"wp:term":[{"taxonomy":"post_tag","embeddable":true,"href":"https:\/\/chilemosaico.cl\/eventos\/wp-json\/wp\/v2\/tags?post=12441"},{"taxonomy":"mec_category","embeddable":true,"href":"https:\/\/chilemosaico.cl\/eventos\/wp-json\/wp\/v2\/mec_category?post=12441"},{"taxonomy":"mec_sponsor","embeddable":true,"href":"https:\/\/chilemosaico.cl\/eventos\/wp-json\/wp\/v2\/mec_sponsor?post=12441"}],"curies":[{"name":"wp","href":"https:\/\/api.w.org\/{rel}","templated":true}]}}

<p>🎶ESPECTÁCULOS &#8211; Paradero Cultural JUNIO ROSA 🩷🏳️‍🌈🎶</p>
<p>Este sábado se viene recargado de música en vivo y espectáculos para darlo todo y más en este Paradero cultural, instancia abierta a toda la comunidad, dónde podrá disfrutar de Talleres y charlas Gratuitas junto a Turquesa y Diego Simon sobre el mes del orgullo, podrás visitar la feria libre, los servicios varios que ofreceremos dicho día y un gran cierre artísticos de espectáculos de primer nivel junto a grandes artistas de la región:</p>
<p>Line Up / Paradero Cultural ROSA 🩷🩷🩷</p>
<p>▪️19hrs / Música en vivo &#8211; D&#8217;Pearls @d_pearls_banda_<br />
▫️19.30hrs / Danza y espectáculo &#8211; Kiki House of Mamaquilla @houseofmamaquilla<br />
▪️20hrs / Música y Danza &#8211; Anaí Coleonni y sus bailarines @anai.coleonni.roth<br />
▫️20.30hrs / Música en vivo &#8211; Rubino Musical @rubino.musical<br />
▪️21hrs / Música en vivo &#8211; Andrómeda Phi @andromeda_phi</p>
<p>Les esperamos este sábado desde las 17hrs en Vivar 1342 (entre Orella y Riquelme) para disfrutar de este encuentro artístico cultural en la ciudad de Iquique</p>
<p>¡No te lo pierdas! 🔥🔥🔥</p>

<p>🎶ESPECTÁCULOS &#8211; Paradero Cultural JUNIO ROSA 🩷🏳️‍🌈🎶 Este sábado se viene recargado de música en vivo y espectáculos para darlo todo y más en este Paradero cultural, instancia abierta a toda la comunidad, dónde podrá disfrutar de Talleres y charlas Gratuitas junto a Turquesa y Diego Simon sobre el mes del orgullo, podrás visitar la&#8230;</p>
