{"id":13004,"date":"2025-08-20T12:31:01","date_gmt":"2025-08-20T16:31:01","guid":{"rendered":"https:\/\/chilemosaico.cl\/eventos\/?post_type=mec-events&#038;p=13004"},"modified":"2025-08-20T12:35:05","modified_gmt":"2025-08-20T16:35:05","slug":"respira-el-volcan","status":"publish","type":"mec-events","link":"https:\/\/chilemosaico.cl\/eventos\/eventos\/respira-el-volcan\/","title":{"rendered":"Respira el Volc\u00e1n"},"content":{"rendered":"<p><strong>Una experiencia inmersiva que une ciencia, arte y salud en altura: \u201cRespira el Volc\u00e1n\u201d llega a Iquique<\/strong><\/p>\n<p>En el marco de una actividad pedag\u00f3gica \u00fanica en su tipo, el proyecto FIC Mujer en Gran Altura, en colaboraci\u00f3n con CECREA Iquique, invita a la comunidad a participar de \u201cRespira el Volc\u00e1n: Arte y Ciencia en Altura\u201d, una innovadora experiencia educativa de realidad virtual que simula una expedici\u00f3n al Volc\u00e1n Isluga.<\/p>\n<p>La actividad, que se realizar\u00e1 el lunes 25 de agosto a las 15:00 horas en el frontis del Museo Regional de Iquique, ubicado en Baquedano #951, permitir\u00e1 explorar los efectos de la altitud en la salud humana mediante una simulaci\u00f3n interactiva que combina tecnolog\u00eda de vanguardia, arte digital y conocimientos cient\u00edficos. A trav\u00e9s del uso de lentes Oculus Quest 3, los y las participantes vivir\u00e1n un recorrido virtual de 15 minutos ascendiendo al volc\u00e1n Isluga, enfrentando los desaf\u00edos f\u00edsicos de la altura y aprendiendo a identificar y gestionar s\u00edntomas como el mal de altura.<br \/>\nLa instancia forma parte del proyecto \u201cMujer en Gran Altura: Potenciando la calidad de vida, salud y trabajo\u201d, financiado por el Gobierno Regional de Tarapac\u00e1 a trav\u00e9s del FIC 2022, y ejecutado por la Universidad Arturo Prat (UNAP) y Mujer en Gran Altura, con la colaboraci\u00f3n del Centro de Investigaci\u00f3n en Medicina de Altura (CEIMA), la Seremi de las Culturas Tarapac\u00e1 y Cecrea Iquique.<\/p>\n<p>Educaci\u00f3n, prevenci\u00f3n y tecnolog\u00eda al servicio del bienestar, en una propuesta innovadora que busca fomentar pr\u00e1cticas seguras de monta\u00f1ismo y alpinismo, reduciendo los riesgos y acercando el conocimiento cient\u00edfico a la ciudadan\u00eda a trav\u00e9s de metodolog\u00edas interactivas y accesibles.<\/p>\n<p>Una oportunidad para aprender, disfrutar y experimentar la altitud, contribuyendo adem\u00e1s a fomentar una cultura del conocimiento y la conciencia sobre la exposici\u00f3n a grandes alturas, algo vital para el bienestar y la seguridad en territorios elevados como la regi\u00f3n de Tarapac\u00e1.<\/p>\n<p>Fuente: <a href=\"https:\/\/www.unap.cl\/\">Unap.cl<\/a><\/p>\n","protected":false},"excerpt":{"rendered":"<p>Una experiencia inmersiva que une ciencia, arte y salud en altura: \u201cRespira el Volc\u00e1n\u201d llega a Iquique En el marco de una actividad pedag\u00f3gica \u00fanica en su tipo, el proyecto FIC Mujer en Gran Altura, en colaboraci\u00f3n con CECREA Iquique, invita a la comunidad a participar de \u201cRespira el Volc\u00e1n: Arte y Ciencia en Altura\u201d,&#8230;<\/p>\n","protected":false},"author":1,"featured_media":13005,"comment_status":"closed","ping_status":"closed","template":"","meta":{"om_disable_all_campaigns":false,"_monsterinsights_skip_tracking":false,"_monsterinsights_sitenote_active":false,"_monsterinsights_sitenote_note":"","_monsterinsights_sitenote_category":0,"_kad_post_transparent":"","_kad_post_title":"","_kad_post_layout":"","_kad_post_sidebar_id":"","_kad_post_content_style":"","_kad_post_vertical_padding":"","_kad_post_feature":"","_kad_post_feature_position":"","_kad_post_header":false,"_kad_post_footer":false,"_kad_post_classname":""},"tags":[],"mec_category":[],"mec_sponsor":[],"class_list":["post-13004","mec-events","type-mec-events","status-publish","has-post-thumbnail","hentry"],"aioseo_notices":[],"_links":{"self":[{"href":"https:\/\/chilemosaico.cl\/eventos\/wp-json\/wp\/v2\/mec-events\/13004","targetHints":{"allow":["GET"]}}],"collection":[{"href":"https:\/\/chilemosaico.cl\/eventos\/wp-json\/wp\/v2\/mec-events"}],"about":[{"href":"https:\/\/chilemosaico.cl\/eventos\/wp-json\/wp\/v2\/types\/mec-events"}],"author":[{"embeddable":true,"href":"https:\/\/chilemosaico.cl\/eventos\/wp-json\/wp\/v2\/users\/1"}],"replies":[{"embeddable":true,"href":"https:\/\/chilemosaico.cl\/eventos\/wp-json\/wp\/v2\/comments?post=13004"}],"wp:featuredmedia":[{"embeddable":true,"href":"https:\/\/chilemosaico.cl\/eventos\/wp-json\/wp\/v2\/media\/13005"}],"wp:attachment":[{"href":"https:\/\/chilemosaico.cl\/eventos\/wp-json\/wp\/v2\/media?parent=13004"}],"wp:term":[{"taxonomy":"post_tag","embeddable":true,"href":"https:\/\/chilemosaico.cl\/eventos\/wp-json\/wp\/v2\/tags?post=13004"},{"taxonomy":"mec_category","embeddable":true,"href":"https:\/\/chilemosaico.cl\/eventos\/wp-json\/wp\/v2\/mec_category?post=13004"},{"taxonomy":"mec_sponsor","embeddable":true,"href":"https:\/\/chilemosaico.cl\/eventos\/wp-json\/wp\/v2\/mec_sponsor?post=13004"}],"curies":[{"name":"wp","href":"https:\/\/api.w.org\/{rel}","templated":true}]}}

Respira el Volcán

<p><strong>Una experiencia inmersiva que une ciencia, arte y salud en altura: “Respira el Volcán” llega a Iquique</strong></p>
<p>En el marco de una actividad pedagógica única en su tipo, el proyecto FIC Mujer en Gran Altura, en colaboración con CECREA Iquique, invita a la comunidad a participar de “Respira el Volcán: Arte y Ciencia en Altura”, una innovadora experiencia educativa de realidad virtual que simula una expedición al Volcán Isluga.</p>
<p>La actividad, que se realizará el lunes 25 de agosto a las 15:00 horas en el frontis del Museo Regional de Iquique, ubicado en Baquedano #951, permitirá explorar los efectos de la altitud en la salud humana mediante una simulación interactiva que combina tecnología de vanguardia, arte digital y conocimientos científicos. A través del uso de lentes Oculus Quest 3, los y las participantes vivirán un recorrido virtual de 15 minutos ascendiendo al volcán Isluga, enfrentando los desafíos físicos de la altura y aprendiendo a identificar y gestionar síntomas como el mal de altura.<br />
La instancia forma parte del proyecto “Mujer en Gran Altura: Potenciando la calidad de vida, salud y trabajo”, financiado por el Gobierno Regional de Tarapacá a través del FIC 2022, y ejecutado por la Universidad Arturo Prat (UNAP) y Mujer en Gran Altura, con la colaboración del Centro de Investigación en Medicina de Altura (CEIMA), la Seremi de las Culturas Tarapacá y Cecrea Iquique.</p>
<p>Educación, prevención y tecnología al servicio del bienestar, en una propuesta innovadora que busca fomentar prácticas seguras de montañismo y alpinismo, reduciendo los riesgos y acercando el conocimiento científico a la ciudadanía a través de metodologías interactivas y accesibles.</p>
<p>Una oportunidad para aprender, disfrutar y experimentar la altitud, contribuyendo además a fomentar una cultura del conocimiento y la conciencia sobre la exposición a grandes alturas, algo vital para el bienestar y la seguridad en territorios elevados como la región de Tarapacá.</p>
<p>Fuente: <a href="https://www.unap.cl/">Unap.cl</a></p>

<p>Una experiencia inmersiva que une ciencia, arte y salud en altura: “Respira el Volcán” llega a Iquique En el marco de una actividad pedagógica única en su tipo, el proyecto FIC Mujer en Gran Altura, en colaboración con CECREA Iquique, invita a la comunidad a participar de “Respira el Volcán: Arte y Ciencia en Altura”,&#8230;</p>
