{"id":13296,"date":"2025-09-08T22:01:55","date_gmt":"2025-09-09T01:01:55","guid":{"rendered":"https:\/\/chilemosaico.cl\/eventos\/?post_type=mec-events&#038;p=13296"},"modified":"2025-09-08T22:05:56","modified_gmt":"2025-09-09T01:05:56","slug":"taller-de-cueca-unap","status":"publish","type":"mec-events","link":"https:\/\/chilemosaico.cl\/eventos\/eventos\/taller-de-cueca-unap\/","title":{"rendered":"Taller de Cueca Unap"},"content":{"rendered":"<p>\ud83c\udde8\ud83c\uddf1 La Universidad Arturo Prat te invita a ser parte del Taller de Cueca, una experiencia cultural que se realizar\u00e1 en septiembre los d\u00edas 8, 9, 22, 23 y 24 a las 17:30 hrs en el Sal\u00f3n Rub\u00e9n Mamani.<\/p>\n<p>\ud83d\udd7a\ud83d\udc83 30 cupos disponibles con distribuci\u00f3n equitativa por sexo.<br \/>\n\ud83d\udc65 Dirigido a personas mayores de 18 a\u00f1os.<\/p>\n<p>\ud83d\udccc \u00a1No te quedes fuera!<\/p>\n<p>Para inscribirte \ud83d\udc49 <a href=\"https:\/\/www.unap.cl\/talleres_comunidad\/\" rel=\"noopener sponsored \" target=\"_blank\">https:\/\/www.unap.cl\/talleres_comunidad\/<\/a><\/p>\n","protected":false},"excerpt":{"rendered":"<p>\ud83c\udde8\ud83c\uddf1 La Universidad Arturo Prat te invita a ser parte del Taller de Cueca, una experiencia cultural que se realizar\u00e1 en septiembre los d\u00edas 8, 9, 22, 23 y 24 a las 17:30 hrs en el Sal\u00f3n Rub\u00e9n Mamani. \ud83d\udd7a\ud83d\udc83 30 cupos disponibles con distribuci\u00f3n equitativa por sexo. \ud83d\udc65 Dirigido a personas mayores de 18&#8230;<\/p>\n","protected":false},"author":1,"featured_media":13297,"comment_status":"closed","ping_status":"closed","template":"","meta":{"om_disable_all_campaigns":false,"_monsterinsights_skip_tracking":false,"_monsterinsights_sitenote_active":false,"_monsterinsights_sitenote_note":"","_monsterinsights_sitenote_category":0,"_kad_post_transparent":"","_kad_post_title":"","_kad_post_layout":"","_kad_post_sidebar_id":"","_kad_post_content_style":"","_kad_post_vertical_padding":"","_kad_post_feature":"","_kad_post_feature_position":"","_kad_post_header":false,"_kad_post_footer":false,"_kad_post_classname":""},"tags":[],"mec_category":[],"mec_sponsor":[],"class_list":["post-13296","mec-events","type-mec-events","status-publish","has-post-thumbnail","hentry"],"aioseo_notices":[],"_links":{"self":[{"href":"https:\/\/chilemosaico.cl\/eventos\/wp-json\/wp\/v2\/mec-events\/13296","targetHints":{"allow":["GET"]}}],"collection":[{"href":"https:\/\/chilemosaico.cl\/eventos\/wp-json\/wp\/v2\/mec-events"}],"about":[{"href":"https:\/\/chilemosaico.cl\/eventos\/wp-json\/wp\/v2\/types\/mec-events"}],"author":[{"embeddable":true,"href":"https:\/\/chilemosaico.cl\/eventos\/wp-json\/wp\/v2\/users\/1"}],"replies":[{"embeddable":true,"href":"https:\/\/chilemosaico.cl\/eventos\/wp-json\/wp\/v2\/comments?post=13296"}],"wp:featuredmedia":[{"embeddable":true,"href":"https:\/\/chilemosaico.cl\/eventos\/wp-json\/wp\/v2\/media\/13297"}],"wp:attachment":[{"href":"https:\/\/chilemosaico.cl\/eventos\/wp-json\/wp\/v2\/media?parent=13296"}],"wp:term":[{"taxonomy":"post_tag","embeddable":true,"href":"https:\/\/chilemosaico.cl\/eventos\/wp-json\/wp\/v2\/tags?post=13296"},{"taxonomy":"mec_category","embeddable":true,"href":"https:\/\/chilemosaico.cl\/eventos\/wp-json\/wp\/v2\/mec_category?post=13296"},{"taxonomy":"mec_sponsor","embeddable":true,"href":"https:\/\/chilemosaico.cl\/eventos\/wp-json\/wp\/v2\/mec_sponsor?post=13296"}],"curies":[{"name":"wp","href":"https:\/\/api.w.org\/{rel}","templated":true}]}}

<p>🇨🇱 La Universidad Arturo Prat te invita a ser parte del Taller de Cueca, una experiencia cultural que se realizará en septiembre los días 8, 9, 22, 23 y 24 a las 17:30 hrs en el Salón Rubén Mamani.</p>
<p>🕺💃 30 cupos disponibles con distribución equitativa por sexo.<br />
👥 Dirigido a personas mayores de 18 años.</p>
<p>📌 ¡No te quedes fuera!</p>
<p>Para inscribirte 👉 <a href="https://www.unap.cl/talleres_comunidad/" rel="noopener sponsored " target="_blank">https://www.unap.cl/talleres_comunidad/</a></p>

<p>🇨🇱 La Universidad Arturo Prat te invita a ser parte del Taller de Cueca, una experiencia cultural que se realizará en septiembre los días 8, 9, 22, 23 y 24 a las 17:30 hrs en el Salón Rubén Mamani. 🕺💃 30 cupos disponibles con distribución equitativa por sexo. 👥 Dirigido a personas mayores de 18&#8230;</p>
