{"id":13679,"date":"2025-09-24T12:31:16","date_gmt":"2025-09-24T15:31:16","guid":{"rendered":"https:\/\/chilemosaico.cl\/eventos\/?post_type=mec-events&#038;p=13679"},"modified":"2025-09-24T13:22:37","modified_gmt":"2025-09-24T16:22:37","slug":"dragongraff-2025","status":"publish","type":"mec-events","link":"https:\/\/chilemosaico.cl\/eventos\/eventos\/dragongraff-2025\/","title":{"rendered":"DragonGraff 2025"},"content":{"rendered":"<p>\ud83c\udfa8 \u00a1REVELAMOS EL LINEUP DE DRAGONGRAFF IQUIQUE 2025!<\/p>\n<p>Conoce a l@s incre\u00edbles graffiter@s y muralistas que dar\u00e1n vida a esta nueva versi\u00f3n. El talento local y nacional se toma las paredes de la ciudad.<\/p>\n<p>\u00bfQu\u00e9 m\u00e1s viene? Mantente atent@&#8230; \u00a1Pronto tenemos m\u00e1s sorpresas por develar!<\/p>\n<p>#DragonGraff2025 #ArteUrbano #Iquique<\/p>\n","protected":false},"excerpt":{"rendered":"<p>\ud83c\udfa8 \u00a1REVELAMOS EL LINEUP DE DRAGONGRAFF IQUIQUE 2025! Conoce a l@s incre\u00edbles graffiter@s y muralistas que dar\u00e1n vida a esta nueva versi\u00f3n. El talento local y nacional se toma las paredes de la ciudad. \u00bfQu\u00e9 m\u00e1s viene? Mantente atent@&#8230; \u00a1Pronto tenemos m\u00e1s sorpresas por develar! #DragonGraff2025 #ArteUrbano #Iquique<\/p>\n","protected":false},"author":1,"featured_media":13680,"comment_status":"closed","ping_status":"closed","template":"","meta":{"om_disable_all_campaigns":false,"_monsterinsights_skip_tracking":false,"_monsterinsights_sitenote_active":false,"_monsterinsights_sitenote_note":"","_monsterinsights_sitenote_category":0,"_kad_post_transparent":"default","_kad_post_title":"default","_kad_post_layout":"default","_kad_post_sidebar_id":"","_kad_post_content_style":"default","_kad_post_vertical_padding":"default","_kad_post_feature":"","_kad_post_feature_position":"","_kad_post_header":false,"_kad_post_footer":false,"_kad_post_classname":""},"tags":[],"mec_category":[],"mec_sponsor":[],"class_list":["post-13679","mec-events","type-mec-events","status-publish","has-post-thumbnail","hentry"],"aioseo_notices":[],"_links":{"self":[{"href":"https:\/\/chilemosaico.cl\/eventos\/wp-json\/wp\/v2\/mec-events\/13679","targetHints":{"allow":["GET"]}}],"collection":[{"href":"https:\/\/chilemosaico.cl\/eventos\/wp-json\/wp\/v2\/mec-events"}],"about":[{"href":"https:\/\/chilemosaico.cl\/eventos\/wp-json\/wp\/v2\/types\/mec-events"}],"author":[{"embeddable":true,"href":"https:\/\/chilemosaico.cl\/eventos\/wp-json\/wp\/v2\/users\/1"}],"replies":[{"embeddable":true,"href":"https:\/\/chilemosaico.cl\/eventos\/wp-json\/wp\/v2\/comments?post=13679"}],"wp:featuredmedia":[{"embeddable":true,"href":"https:\/\/chilemosaico.cl\/eventos\/wp-json\/wp\/v2\/media\/13680"}],"wp:attachment":[{"href":"https:\/\/chilemosaico.cl\/eventos\/wp-json\/wp\/v2\/media?parent=13679"}],"wp:term":[{"taxonomy":"post_tag","embeddable":true,"href":"https:\/\/chilemosaico.cl\/eventos\/wp-json\/wp\/v2\/tags?post=13679"},{"taxonomy":"mec_category","embeddable":true,"href":"https:\/\/chilemosaico.cl\/eventos\/wp-json\/wp\/v2\/mec_category?post=13679"},{"taxonomy":"mec_sponsor","embeddable":true,"href":"https:\/\/chilemosaico.cl\/eventos\/wp-json\/wp\/v2\/mec_sponsor?post=13679"}],"curies":[{"name":"wp","href":"https:\/\/api.w.org\/{rel}","templated":true}]}}

<p>🎨 ¡REVELAMOS EL LINEUP DE DRAGONGRAFF IQUIQUE 2025!</p>
<p>Conoce a l@s increíbles graffiter@s y muralistas que darán vida a esta nueva versión. El talento local y nacional se toma las paredes de la ciudad.</p>
<p>¿Qué más viene? Mantente atent@&#8230; ¡Pronto tenemos más sorpresas por develar!</p>
<p>#DragonGraff2025 #ArteUrbano #Iquique</p>

<p>🎨 ¡REVELAMOS EL LINEUP DE DRAGONGRAFF IQUIQUE 2025! Conoce a l@s increíbles graffiter@s y muralistas que darán vida a esta nueva versión. El talento local y nacional se toma las paredes de la ciudad. ¿Qué más viene? Mantente atent@&#8230; ¡Pronto tenemos más sorpresas por develar! #DragonGraff2025 #ArteUrbano #Iquique</p>
