{"id":13690,"date":"2025-09-25T11:40:32","date_gmt":"2025-09-25T14:40:32","guid":{"rendered":"https:\/\/chilemosaico.cl\/eventos\/?post_type=mec-events&#038;p=13690"},"modified":"2025-09-25T11:42:36","modified_gmt":"2025-09-25T14:42:36","slug":"orquesta-regional-de-tarapaca-conciertos-de-temporada","status":"publish","type":"mec-events","link":"https:\/\/chilemosaico.cl\/eventos\/eventos\/orquesta-regional-de-tarapaca-conciertos-de-temporada\/","title":{"rendered":"Orquesta Regional de Tarapac\u00e1 Conciertos de Temporada"},"content":{"rendered":"<p>\ud83c\udfb6 \ud83c\udfb9 \ud83c\udfba \ud83c\udfbb \u00a1Disfruta la m\u00fasica!<br \/>\nLa Orquesta Regional de Tarapac\u00e1 se presentar\u00e1 el jueves 25 de septiembre en Teatro Municipal de #Iquique a las 20 horas. Entrada gratuita por orden de llegada.<\/p>\n<p>Interpretar\u00e1n las siguiente obras:<\/p>\n<p>\u2705 Desentonada N.\u00ba 5 del compositor chile Julio #Hernaiz<\/p>\n<p>Encargo realizado por la Orquesta de C\u00e1mara de San Miguel en el a\u00f1o 2021, es una obra que fusiona m\u00fasica docta, cueca, folclore chileno y sonoridades del jazz. Inspirada en paisajes de Concepci\u00f3n, incorpora homenajes a Violeta Parra y Enrique Soro, adem\u00e1s de gestos teatrales como zapateos y chiflidos que acercan la m\u00fasica al p\u00fablico.<\/p>\n<p>Julio Hernaiz, nacido en Concepci\u00f3n, inici\u00f3 sus estudios de contrabajo a los 17 a\u00f1os y luego se form\u00f3 en composici\u00f3n en la Universidad de Chile. Ha trabajado con m\u00faltiples ensambles y orquestas en Chile y el extranjero, adem\u00e1s de destacar como pianista y docente. Su obra refleja un lenguaje original que une tradici\u00f3n, modernidad y ra\u00edces populares.<\/p>\n<p>\u2705 La Sinfon\u00eda n.\u00ba 7 en La mayor, Op. 92 de #Beethoven<\/p>\n<p>Es una de las obras m\u00e1s c\u00e9lebres de Ludwig van Beethoven, compuesta entre 1811 y 1812. Se destaca por su energ\u00eda y su naturaleza festiva, siendo a menudo descrita como la \u00abapoteosis de la danza\u00bb por Richard Wagner debido a su car\u00e1cter r\u00edtmico y optimista.<\/p>\n<p>\ud83d\udd39 Director Invitado:<\/p>\n<p>Gabriel Zepeda Jara, actual director titular de la Orquesta Sinf\u00f3nica Municipal de Copiap\u00f3. Formado en Buenos Aires, ha trabajado con destacados maestros y liderado importantes procesos de renovaci\u00f3n art\u00edstica. En 2026 debutar\u00e1 internacionalmente en Argentina.<\/p>\n<p>\ud83d\udd39 Director Titular: Jonathan \u00c1vila @orquesta.regional.tarapaca<\/p>\n<p>\u00a1Aprovecha esta invitaci\u00f3n y disfruta de la #m\u00fasica!<\/p>\n","protected":false},"excerpt":{"rendered":"<p>\ud83c\udfb6 \ud83c\udfb9 \ud83c\udfba \ud83c\udfbb \u00a1Disfruta la m\u00fasica! La Orquesta Regional de Tarapac\u00e1 se presentar\u00e1 el jueves 25 de septiembre en Teatro Municipal de #Iquique a las 20 horas. Entrada gratuita por orden de llegada. Interpretar\u00e1n las siguiente obras: \u2705 Desentonada N.\u00ba 5 del compositor chile Julio #Hernaiz Encargo realizado por la Orquesta de C\u00e1mara de&#8230;<\/p>\n","protected":false},"author":1,"featured_media":13693,"comment_status":"closed","ping_status":"closed","template":"","meta":{"om_disable_all_campaigns":false,"_monsterinsights_skip_tracking":false,"_monsterinsights_sitenote_active":false,"_monsterinsights_sitenote_note":"","_monsterinsights_sitenote_category":0,"_kad_post_transparent":"default","_kad_post_title":"default","_kad_post_layout":"default","_kad_post_sidebar_id":"","_kad_post_content_style":"default","_kad_post_vertical_padding":"default","_kad_post_feature":"","_kad_post_feature_position":"","_kad_post_header":false,"_kad_post_footer":false,"_kad_post_classname":""},"tags":[],"mec_category":[],"mec_sponsor":[],"class_list":["post-13690","mec-events","type-mec-events","status-publish","has-post-thumbnail","hentry"],"aioseo_notices":[],"_links":{"self":[{"href":"https:\/\/chilemosaico.cl\/eventos\/wp-json\/wp\/v2\/mec-events\/13690","targetHints":{"allow":["GET"]}}],"collection":[{"href":"https:\/\/chilemosaico.cl\/eventos\/wp-json\/wp\/v2\/mec-events"}],"about":[{"href":"https:\/\/chilemosaico.cl\/eventos\/wp-json\/wp\/v2\/types\/mec-events"}],"author":[{"embeddable":true,"href":"https:\/\/chilemosaico.cl\/eventos\/wp-json\/wp\/v2\/users\/1"}],"replies":[{"embeddable":true,"href":"https:\/\/chilemosaico.cl\/eventos\/wp-json\/wp\/v2\/comments?post=13690"}],"wp:featuredmedia":[{"embeddable":true,"href":"https:\/\/chilemosaico.cl\/eventos\/wp-json\/wp\/v2\/media\/13693"}],"wp:attachment":[{"href":"https:\/\/chilemosaico.cl\/eventos\/wp-json\/wp\/v2\/media?parent=13690"}],"wp:term":[{"taxonomy":"post_tag","embeddable":true,"href":"https:\/\/chilemosaico.cl\/eventos\/wp-json\/wp\/v2\/tags?post=13690"},{"taxonomy":"mec_category","embeddable":true,"href":"https:\/\/chilemosaico.cl\/eventos\/wp-json\/wp\/v2\/mec_category?post=13690"},{"taxonomy":"mec_sponsor","embeddable":true,"href":"https:\/\/chilemosaico.cl\/eventos\/wp-json\/wp\/v2\/mec_sponsor?post=13690"}],"curies":[{"name":"wp","href":"https:\/\/api.w.org\/{rel}","templated":true}]}}

Orquesta Regional de Tarapacá Conciertos de Temporada

<p>🎶 🎹 🎺 🎻 ¡Disfruta la música!<br />
La Orquesta Regional de Tarapacá se presentará el jueves 25 de septiembre en Teatro Municipal de #Iquique a las 20 horas. Entrada gratuita por orden de llegada.</p>
<p>Interpretarán las siguiente obras:</p>
<p>✅ Desentonada N.º 5 del compositor chile Julio #Hernaiz</p>
<p>Encargo realizado por la Orquesta de Cámara de San Miguel en el año 2021, es una obra que fusiona música docta, cueca, folclore chileno y sonoridades del jazz. Inspirada en paisajes de Concepción, incorpora homenajes a Violeta Parra y Enrique Soro, además de gestos teatrales como zapateos y chiflidos que acercan la música al público.</p>
<p>Julio Hernaiz, nacido en Concepción, inició sus estudios de contrabajo a los 17 años y luego se formó en composición en la Universidad de Chile. Ha trabajado con múltiples ensambles y orquestas en Chile y el extranjero, además de destacar como pianista y docente. Su obra refleja un lenguaje original que une tradición, modernidad y raíces populares.</p>
<p>✅ La Sinfonía n.º 7 en La mayor, Op. 92 de #Beethoven</p>
<p>Es una de las obras más célebres de Ludwig van Beethoven, compuesta entre 1811 y 1812. Se destaca por su energía y su naturaleza festiva, siendo a menudo descrita como la «apoteosis de la danza» por Richard Wagner debido a su carácter rítmico y optimista.</p>
<p>🔹 Director Invitado:</p>
<p>Gabriel Zepeda Jara, actual director titular de la Orquesta Sinfónica Municipal de Copiapó. Formado en Buenos Aires, ha trabajado con destacados maestros y liderado importantes procesos de renovación artística. En 2026 debutará internacionalmente en Argentina.</p>
<p>🔹 Director Titular: Jonathan Ávila @orquesta.regional.tarapaca</p>
<p>¡Aprovecha esta invitación y disfruta de la #música!</p>

<p>🎶 🎹 🎺 🎻 ¡Disfruta la música! La Orquesta Regional de Tarapacá se presentará el jueves 25 de septiembre en Teatro Municipal de #Iquique a las 20 horas. Entrada gratuita por orden de llegada. Interpretarán las siguiente obras: ✅ Desentonada N.º 5 del compositor chile Julio #Hernaiz Encargo realizado por la Orquesta de Cámara de&#8230;</p>
