{"id":14125,"date":"2025-10-17T11:42:27","date_gmt":"2025-10-17T14:42:27","guid":{"rendered":"https:\/\/chilemosaico.cl\/eventos\/?post_type=mec-events&#038;p=14125"},"modified":"2025-10-17T11:46:31","modified_gmt":"2025-10-17T14:46:31","slug":"justicia-en-fintdaz","status":"publish","type":"mec-events","link":"https:\/\/chilemosaico.cl\/eventos\/eventos\/justicia-en-fintdaz\/","title":{"rendered":"Justicia en Fintdaz"},"content":{"rendered":"<p>\ud83c\udde8\ud83c\uddf1\u00bbJusticia\u00bb del @colectivoctm de Santiago llegar\u00e1 a #FINTDAZ2025 \ud83c\udfad<br \/>\n\u26a0\ufe0f\ud83c\udf9f\ufe0fEntradas para funciones en Iquique disponibles en fintdaz.cl. <\/p>\n<p>\ud83d\udd38Funciones:<\/p>\n<p>\ud83d\uddd3\ufe0fJueves 16 de octubre.<br \/>\n\ud83d\udd5519 horas.<br \/>\n\ud83d\udccd@salonmunicipaltarapaca (Serrano 246, Iquique). <\/p>\n<p>\ud83d\uddd3\ufe0fViernes 18.<br \/>\n\ud83d\udd5720 horas.<br \/>\n\ud83d\udccdCentro de artes esc\u00e9nicas de Pozo Almonte (Estaci\u00f3n 211).<\/p>\n<p>\ud83d\udd38Sobre la obra:<br \/>\n\u00abJusticia\u00bb es el quinto trabajo del Colectivo CTM y nace como una investigaci\u00f3n en torno al funcionamiento del Servicio Nacional de Menores.<br \/>\nLa obra es un intento por entender la p\u00e9rdida de la inocencia y la fragilidad, as\u00ed como las consecuencias de la violencia y sus ramificaciones sobre la vida de miles de ni\u00f1os que han sido parte de esta instituci\u00f3n.<\/p>\n<p>\u23f3Duraci\u00f3n: 50 minutos.<br \/>\n\ud83d\udc65P\u00fablicos: +14 a\u00f1os.<\/p>\n","protected":false},"excerpt":{"rendered":"<p>\ud83c\udde8\ud83c\uddf1\u00bbJusticia\u00bb del @colectivoctm de Santiago llegar\u00e1 a #FINTDAZ2025 \ud83c\udfad \u26a0\ufe0f\ud83c\udf9f\ufe0fEntradas para funciones en Iquique disponibles en fintdaz.cl. \ud83d\udd38Funciones: \ud83d\uddd3\ufe0fJueves 16 de octubre. \ud83d\udd5519 horas. \ud83d\udccd@salonmunicipaltarapaca (Serrano 246, Iquique). \ud83d\uddd3\ufe0fViernes 18. \ud83d\udd5720 horas. \ud83d\udccdCentro de artes esc\u00e9nicas de Pozo Almonte (Estaci\u00f3n 211). \ud83d\udd38Sobre la obra: \u00abJusticia\u00bb es el quinto trabajo del Colectivo CTM y nace como&#8230;<\/p>\n","protected":false},"author":1,"featured_media":14129,"comment_status":"closed","ping_status":"closed","template":"","meta":{"om_disable_all_campaigns":false,"_monsterinsights_skip_tracking":false,"_monsterinsights_sitenote_active":false,"_monsterinsights_sitenote_note":"","_monsterinsights_sitenote_category":0,"_kad_post_transparent":"default","_kad_post_title":"default","_kad_post_layout":"default","_kad_post_sidebar_id":"","_kad_post_content_style":"default","_kad_post_vertical_padding":"default","_kad_post_feature":"","_kad_post_feature_position":"","_kad_post_header":false,"_kad_post_footer":false,"_kad_post_classname":""},"tags":[],"mec_category":[],"mec_sponsor":[],"class_list":["post-14125","mec-events","type-mec-events","status-publish","has-post-thumbnail","hentry"],"aioseo_notices":[],"_links":{"self":[{"href":"https:\/\/chilemosaico.cl\/eventos\/wp-json\/wp\/v2\/mec-events\/14125","targetHints":{"allow":["GET"]}}],"collection":[{"href":"https:\/\/chilemosaico.cl\/eventos\/wp-json\/wp\/v2\/mec-events"}],"about":[{"href":"https:\/\/chilemosaico.cl\/eventos\/wp-json\/wp\/v2\/types\/mec-events"}],"author":[{"embeddable":true,"href":"https:\/\/chilemosaico.cl\/eventos\/wp-json\/wp\/v2\/users\/1"}],"replies":[{"embeddable":true,"href":"https:\/\/chilemosaico.cl\/eventos\/wp-json\/wp\/v2\/comments?post=14125"}],"wp:featuredmedia":[{"embeddable":true,"href":"https:\/\/chilemosaico.cl\/eventos\/wp-json\/wp\/v2\/media\/14129"}],"wp:attachment":[{"href":"https:\/\/chilemosaico.cl\/eventos\/wp-json\/wp\/v2\/media?parent=14125"}],"wp:term":[{"taxonomy":"post_tag","embeddable":true,"href":"https:\/\/chilemosaico.cl\/eventos\/wp-json\/wp\/v2\/tags?post=14125"},{"taxonomy":"mec_category","embeddable":true,"href":"https:\/\/chilemosaico.cl\/eventos\/wp-json\/wp\/v2\/mec_category?post=14125"},{"taxonomy":"mec_sponsor","embeddable":true,"href":"https:\/\/chilemosaico.cl\/eventos\/wp-json\/wp\/v2\/mec_sponsor?post=14125"}],"curies":[{"name":"wp","href":"https:\/\/api.w.org\/{rel}","templated":true}]}}

<p>🇨🇱»Justicia» del @colectivoctm de Santiago llegará a #FINTDAZ2025 🎭<br />
⚠️🎟️Entradas para funciones en Iquique disponibles en fintdaz.cl. </p>
<p>🔸Funciones:</p>
<p>🗓️Jueves 16 de octubre.<br />
🕕19 horas.<br />
📍@salonmunicipaltarapaca (Serrano 246, Iquique). </p>
<p>🗓️Viernes 18.<br />
🕗20 horas.<br />
📍Centro de artes escénicas de Pozo Almonte (Estación 211).</p>
<p>🔸Sobre la obra:<br />
«Justicia» es el quinto trabajo del Colectivo CTM y nace como una investigación en torno al funcionamiento del Servicio Nacional de Menores.<br />
La obra es un intento por entender la pérdida de la inocencia y la fragilidad, así como las consecuencias de la violencia y sus ramificaciones sobre la vida de miles de niños que han sido parte de esta institución.</p>
<p>⏳Duración: 50 minutos.<br />
👥Públicos: +14 años.</p>

<p>🇨🇱»Justicia» del @colectivoctm de Santiago llegará a #FINTDAZ2025 🎭 ⚠️🎟️Entradas para funciones en Iquique disponibles en fintdaz.cl. 🔸Funciones: 🗓️Jueves 16 de octubre. 🕕19 horas. 📍@salonmunicipaltarapaca (Serrano 246, Iquique). 🗓️Viernes 18. 🕗20 horas. 📍Centro de artes escénicas de Pozo Almonte (Estación 211). 🔸Sobre la obra: «Justicia» es el quinto trabajo del Colectivo CTM y nace como&#8230;</p>
