{"id":14249,"date":"2025-11-03T22:49:52","date_gmt":"2025-11-04T01:49:52","guid":{"rendered":"https:\/\/chilemosaico.cl\/eventos\/?post_type=mec-events&#038;p=14249"},"modified":"2025-11-03T22:53:22","modified_gmt":"2025-11-04T01:53:22","slug":"las-pildoritas-magicas-de-la-bisabuela-2","status":"publish","type":"mec-events","link":"https:\/\/chilemosaico.cl\/eventos\/eventos\/las-pildoritas-magicas-de-la-bisabuela-2\/","title":{"rendered":"Las pildoritas m\u00e1gicas de la bisabuela"},"content":{"rendered":"<p>\ud83e\udd81En noviembre&#8230; \u00abLas pildoritas m\u00e1gicas de la bisabuela\u00bb de @teatroviolafenix (Iquique, Chile)<br \/>\n\ud83c\udf9f\ufe0fEntradas disponibles en <a href=\"https:\/\/fintdaz.cl\/calendario\/las-pildoritas-magicas-de-la-bisabuela\/\" rel=\"noopener sponsored \" target=\"_blank\">https:\/\/fintdaz.cl\/calendario\/las-pildoritas-magicas-de-la-bisabuela\/<\/a><\/p>\n<p>\ud83d\uddd3\ufe0fDomingo 9 de noviembre 2025.<br \/>\n\ud83d\udd5518:00 horas.<br \/>\n\ud83d\udccdTeatro Municipal de Iquique. <\/p>\n<p>\ud83d\udd38Sobre la obra:<br \/>\nLa obra est\u00e1 focalizada para un p\u00fablico \u201cinfantiadultos\u201d, va que va dirigida al ni\u00f1o interno que todas las personas llevan dentro.<br \/>\nEl argumento presenta el enfrentamiento de dos mundos, el ideal y el mundo contaminado, la constante preocupaci\u00f3n por el cambio clim\u00e1tico, la participaci\u00f3n democr\u00e1tica en las decisiones, el poder oculto en las sombras, el destierro y las comunicaciones.<br \/>\nEste montaje audaz para una \u00e9poca compleja del pa\u00eds, de corte ecol\u00f3gico, es protagonizado por un grupo de animales que se enfrentan al poder siniestro del gran basural. <\/p>\n<p>\u23f3Duraci\u00f3n: 70 minutos.<br \/>\n\ud83d\udc65P\u00fablicos: Familiar (+12 a\u00f1os). <\/p>\n","protected":false},"excerpt":{"rendered":"<p>\ud83e\udd81En noviembre&#8230; \u00abLas pildoritas m\u00e1gicas de la bisabuela\u00bb de @teatroviolafenix (Iquique, Chile) \ud83c\udf9f\ufe0fEntradas disponibles en https:\/\/fintdaz.cl\/calendario\/las-pildoritas-magicas-de-la-bisabuela\/ \ud83d\uddd3\ufe0fDomingo 9 de noviembre 2025. \ud83d\udd5518:00 horas. \ud83d\udccdTeatro Municipal de Iquique. \ud83d\udd38Sobre la obra: La obra est\u00e1 focalizada para un p\u00fablico \u201cinfantiadultos\u201d, va que va dirigida al ni\u00f1o interno que todas las personas llevan dentro. El argumento presenta el&#8230;<\/p>\n","protected":false},"author":1,"featured_media":14251,"comment_status":"closed","ping_status":"closed","template":"","meta":{"om_disable_all_campaigns":false,"_monsterinsights_skip_tracking":false,"_monsterinsights_sitenote_active":false,"_monsterinsights_sitenote_note":"","_monsterinsights_sitenote_category":0,"_kad_post_transparent":"default","_kad_post_title":"default","_kad_post_layout":"default","_kad_post_sidebar_id":"","_kad_post_content_style":"default","_kad_post_vertical_padding":"default","_kad_post_feature":"","_kad_post_feature_position":"","_kad_post_header":false,"_kad_post_footer":false,"_kad_post_classname":""},"tags":[],"mec_category":[],"mec_sponsor":[],"class_list":["post-14249","mec-events","type-mec-events","status-publish","has-post-thumbnail","hentry"],"aioseo_notices":[],"_links":{"self":[{"href":"https:\/\/chilemosaico.cl\/eventos\/wp-json\/wp\/v2\/mec-events\/14249","targetHints":{"allow":["GET"]}}],"collection":[{"href":"https:\/\/chilemosaico.cl\/eventos\/wp-json\/wp\/v2\/mec-events"}],"about":[{"href":"https:\/\/chilemosaico.cl\/eventos\/wp-json\/wp\/v2\/types\/mec-events"}],"author":[{"embeddable":true,"href":"https:\/\/chilemosaico.cl\/eventos\/wp-json\/wp\/v2\/users\/1"}],"replies":[{"embeddable":true,"href":"https:\/\/chilemosaico.cl\/eventos\/wp-json\/wp\/v2\/comments?post=14249"}],"wp:featuredmedia":[{"embeddable":true,"href":"https:\/\/chilemosaico.cl\/eventos\/wp-json\/wp\/v2\/media\/14251"}],"wp:attachment":[{"href":"https:\/\/chilemosaico.cl\/eventos\/wp-json\/wp\/v2\/media?parent=14249"}],"wp:term":[{"taxonomy":"post_tag","embeddable":true,"href":"https:\/\/chilemosaico.cl\/eventos\/wp-json\/wp\/v2\/tags?post=14249"},{"taxonomy":"mec_category","embeddable":true,"href":"https:\/\/chilemosaico.cl\/eventos\/wp-json\/wp\/v2\/mec_category?post=14249"},{"taxonomy":"mec_sponsor","embeddable":true,"href":"https:\/\/chilemosaico.cl\/eventos\/wp-json\/wp\/v2\/mec_sponsor?post=14249"}],"curies":[{"name":"wp","href":"https:\/\/api.w.org\/{rel}","templated":true}]}}

Las pildoritas mágicas de la bisabuela

<p>🦁En noviembre&#8230; «Las pildoritas mágicas de la bisabuela» de @teatroviolafenix (Iquique, Chile)<br />
🎟️Entradas disponibles en <a href="https://fintdaz.cl/calendario/las-pildoritas-magicas-de-la-bisabuela/" rel="noopener sponsored " target="_blank">https://fintdaz.cl/calendario/las-pildoritas-magicas-de-la-bisabuela/</a></p>
<p>🗓️Domingo 9 de noviembre 2025.<br />
🕕18:00 horas.<br />
📍Teatro Municipal de Iquique. </p>
<p>🔸Sobre la obra:<br />
La obra está focalizada para un público “infantiadultos”, va que va dirigida al niño interno que todas las personas llevan dentro.<br />
El argumento presenta el enfrentamiento de dos mundos, el ideal y el mundo contaminado, la constante preocupación por el cambio climático, la participación democrática en las decisiones, el poder oculto en las sombras, el destierro y las comunicaciones.<br />
Este montaje audaz para una época compleja del país, de corte ecológico, es protagonizado por un grupo de animales que se enfrentan al poder siniestro del gran basural. </p>
<p>⏳Duración: 70 minutos.<br />
👥Públicos: Familiar (+12 años). </p>

<p>🦁En noviembre&#8230; «Las pildoritas mágicas de la bisabuela» de @teatroviolafenix (Iquique, Chile) 🎟️Entradas disponibles en https://fintdaz.cl/calendario/las-pildoritas-magicas-de-la-bisabuela/ 🗓️Domingo 9 de noviembre 2025. 🕕18:00 horas. 📍Teatro Municipal de Iquique. 🔸Sobre la obra: La obra está focalizada para un público “infantiadultos”, va que va dirigida al niño interno que todas las personas llevan dentro. El argumento presenta el&#8230;</p>
