{"id":17266,"date":"2026-03-19T11:34:43","date_gmt":"2026-03-19T14:34:43","guid":{"rendered":"https:\/\/chilemosaico.cl\/eventos\/?post_type=mec-events&#038;p=17266"},"modified":"2026-04-01T15:14:20","modified_gmt":"2026-04-01T18:14:20","slug":"celebracion-del-dia-internacional-de-la-narracion-oral-de-fintdaz","status":"publish","type":"mec-events","link":"https:\/\/chilemosaico.cl\/eventos\/eventos\/celebracion-del-dia-internacional-de-la-narracion-oral-de-fintdaz\/","title":{"rendered":"Celebraci\u00f3n del D\u00eda Internacional de la Narraci\u00f3n Oral de FINTDAZ"},"content":{"rendered":"<p align=\"center\"><span style=\"font-family: Arial, sans-serif;\"><span style=\"font-size: x-large;\"><span lang=\"es-ES\"><b>Celebraci\u00f3n del D\u00eda Internacional de la Narraci\u00f3n Oral de FINTDAZ ser\u00e1 en el teatro de la Escuela Art\u00edstica Violeta Parra<\/b><\/span><\/span><\/span><\/p>\n<ul>\n<li>\n<p align=\"justify\"><span style=\"font-family: Arial, sans-serif;\"><span style=\"font-size: medium;\"><span lang=\"es-ES\"><b>El viernes 20 de marzo, se presentar\u00e1n cuatro cuentacuentos de Iquique.<\/b><\/span><\/span><\/span><\/p>\n<\/li>\n<li>\n<p align=\"justify\"><b><\/b><span style=\"font-family: Arial, sans-serif;\"><span style=\"font-size: medium;\"><b>El XIX Festival Internacional de Teatro y Danza es presentado por Compa\u00f1\u00eda de Teatro Antifaz y Cerro Colorado | BHP y financiado por el Ministerio de las Culturas, las Artes y el Patrimonio, a trav\u00e9s del Fondo Nacional de Fomento y Desarrollo de las Artes Esc\u00e9nicas, L\u00ednea Festivales y Encuentros de Trayectoria, Convocatoria 2026; Ley de Donaciones Culturales y Programa de Apoyo a Organizaciones Culturales Colaboradoras, Convocatoria 2026.<\/b><\/span><\/span><\/p>\n<\/li>\n<\/ul>\n<p align=\"justify\"><span style=\"font-family: Arial, sans-serif;\"><span style=\"font-size: medium;\">Este viernes 20 de marzo, ser\u00e1 el D\u00eda Internacional de la Narraci\u00f3n Oral y la 19\u00b0 edici\u00f3n del Festival Internacional de Teatro y Danza FINTDAZ, lo celebrar\u00e1 con un ciclo de cuatro cuentacuentos locales, quienes se presentar\u00e1n en la Escuela Art\u00edstica Violeta Parra, a partir de las <strong>20 horas<\/strong> y con entrada liberada, previamente reservada en fintdaz.cl.<\/span><\/span><\/p>\n<p align=\"justify\"><span style=\"font-family: Arial, sans-serif;\"><span style=\"font-size: medium;\">Las obras de las que podr\u00e1n disfrutar los p\u00fablicos ser\u00e1n \u00abEl camino de Aruma\u00bb de Teatro La Chusca, \u00abLas aventuras de Galvarino\u00bb de Teatro No M\u00e1s, \u00abDescubriendo el Malabar\u00bb de Claudia Campos y \u00abCuando cumpl\u00ed 10 a\u00f1os\u00bb de Jes\u00fas Zuleta P\u00e9rez.<\/span><\/span><\/p>\n<p align=\"justify\"><span style=\"font-family: Arial, sans-serif;\"><span style=\"font-size: medium;\">La decimonovena versi\u00f3n de Festival Internacional de Teatro y Danza es presentado por Compa\u00f1\u00eda de Teatro Antifaz y Cerro Colorado | BHP y financiado por el Ministerio de las Culturas, las Artes y el Patrimonio, a trav\u00e9s del Fondo Nacional de Fomento y Desarrollo de las Artes Esc\u00e9nicas, L\u00ednea Festivales y Encuentros de Trayectoria, Convocatoria 2026; Ley de Donaciones Culturales y el Programa de Apoyo a Organizaciones Culturales Colaboradoras, Convocatoria 2026.<\/span><\/span><\/p>\n<p align=\"justify\"><span style=\"font-family: Arial, sans-serif;\"><span style=\"font-size: medium;\">Dicha instancia es el puntapi\u00e9 inicial de los denominados Hitos Program\u00e1ticos del festival, as\u00ed como tambi\u00e9n es parte del d\u00eda \u201cD\u201d del PAOCC 2026, que tiene como objetivo honrar el arte de contar historias, preservar la tradici\u00f3n oral y fomentar la conexi\u00f3n cultural a trav\u00e9s de la palabra hablada.<\/span><\/span><\/p>\n<p align=\"justify\"><span style=\"font-family: Arial, sans-serif;\"><span style=\"font-size: medium;\"><span lang=\"es-ES\">La reserva de las entradas gratuitas ser\u00e1 a partir del mi\u00e9rcoles 18 de marzo, en <\/span><\/span><\/span><span style=\"color: #0563c1;\"><u><a href=\"http:\/\/www.fintdaz.cl\/\"><span style=\"font-family: Arial, sans-serif;\"><span style=\"font-size: medium;\"><span lang=\"es-ES\"><b>fintdaz.cl<\/b><\/span><\/span><\/span><\/a><\/u><\/span><span style=\"font-family: Arial, sans-serif;\"><span style=\"font-size: medium;\"><span lang=\"es-ES\"> y en las redes sociales <\/span><\/span><\/span><span style=\"color: #0563c1;\"><u><a href=\"https:\/\/www.facebook.com\/fintdazchile\"><span style=\"font-family: Arial, sans-serif;\"><span style=\"font-size: medium;\"><span lang=\"es-ES\"><b>Facebook<\/b><\/span><\/span><\/span><\/a><\/u><\/span><span style=\"font-family: Arial, sans-serif;\"><span style=\"font-size: medium;\"><span lang=\"es-ES\"> e <\/span><\/span><\/span><span style=\"color: #0563c1;\"><u><a href=\"https:\/\/www.instagram.com\/fintdazchile\"><span style=\"font-family: Arial, sans-serif;\"><span style=\"font-size: medium;\"><span lang=\"es-ES\"><b>Instagram<\/b><\/span><\/span><\/span><\/a><\/u><\/span><b> <\/b><span style=\"font-family: Arial, sans-serif;\"><span style=\"font-size: medium;\"><span lang=\"es-ES\">como <\/span><\/span><\/span><span style=\"font-family: Arial, sans-serif;\"><span style=\"font-size: medium;\"><span lang=\"es-ES\"><b>@fintdazchile<\/b><\/span><\/span><\/span><span style=\"font-family: Arial, sans-serif;\"><span style=\"font-size: medium;\"><span lang=\"es-ES\">.<\/span><\/span><\/span><\/p>\n<p align=\"justify\"><span style=\"font-family: Arial, sans-serif;\"><span style=\"font-size: medium;\">La Compa\u00f1\u00eda de Teatro Profesional Antifaz es financiada por el Ministerio de las Culturas, las Artes y el Patrimonio a trav\u00e9s de su Programa de Apoyo a Organizaciones Culturales Colaboradoras, que busca fortalecer y dar continuidad a instituciones y organizaciones culturales de derecho privado y sin fines de lucro. Este programa adem\u00e1s es parte del Sistema de Financiamiento a Organizaciones e Infraestructura Cultural del Ministerio de las Culturas, las Artes y el Patrimonio que integra, articula y coordina de forma transversal los planes, programas y fondos orientados al fomento y apoyo de las organizaciones, de la infraestructura cultural, y de la mediaci\u00f3n art\u00edstica. Todo esto con una vocaci\u00f3n descentralizada, mecanismos participativos, y la promoci\u00f3n de la creaci\u00f3n de redes y asociaciones.<\/span><\/span><\/p>\n","protected":false},"excerpt":{"rendered":"<p>Celebraci\u00f3n del D\u00eda Internacional de la Narraci\u00f3n Oral de FINTDAZ ser\u00e1 en el teatro de la Escuela Art\u00edstica Violeta Parra El viernes 20 de marzo, se presentar\u00e1n cuatro cuentacuentos de Iquique. El XIX Festival Internacional de Teatro y Danza es presentado por Compa\u00f1\u00eda de Teatro Antifaz y Cerro Colorado | BHP y financiado por el&#8230;<\/p>\n","protected":false},"author":1,"featured_media":17267,"comment_status":"closed","ping_status":"closed","template":"","meta":{"om_disable_all_campaigns":false,"_monsterinsights_skip_tracking":false,"_monsterinsights_sitenote_active":false,"_monsterinsights_sitenote_note":"","_monsterinsights_sitenote_category":0,"_kad_post_transparent":"default","_kad_post_title":"default","_kad_post_layout":"default","_kad_post_sidebar_id":"","_kad_post_content_style":"default","_kad_post_vertical_padding":"default","_kad_post_feature":"","_kad_post_feature_position":"","_kad_post_header":false,"_kad_post_footer":false,"_kad_post_classname":""},"tags":[],"mec_category":[],"mec_sponsor":[],"class_list":["post-17266","mec-events","type-mec-events","status-publish","has-post-thumbnail","hentry"],"aioseo_notices":[],"_links":{"self":[{"href":"https:\/\/chilemosaico.cl\/eventos\/wp-json\/wp\/v2\/mec-events\/17266","targetHints":{"allow":["GET"]}}],"collection":[{"href":"https:\/\/chilemosaico.cl\/eventos\/wp-json\/wp\/v2\/mec-events"}],"about":[{"href":"https:\/\/chilemosaico.cl\/eventos\/wp-json\/wp\/v2\/types\/mec-events"}],"author":[{"embeddable":true,"href":"https:\/\/chilemosaico.cl\/eventos\/wp-json\/wp\/v2\/users\/1"}],"replies":[{"embeddable":true,"href":"https:\/\/chilemosaico.cl\/eventos\/wp-json\/wp\/v2\/comments?post=17266"}],"wp:featuredmedia":[{"embeddable":true,"href":"https:\/\/chilemosaico.cl\/eventos\/wp-json\/wp\/v2\/media\/17267"}],"wp:attachment":[{"href":"https:\/\/chilemosaico.cl\/eventos\/wp-json\/wp\/v2\/media?parent=17266"}],"wp:term":[{"taxonomy":"post_tag","embeddable":true,"href":"https:\/\/chilemosaico.cl\/eventos\/wp-json\/wp\/v2\/tags?post=17266"},{"taxonomy":"mec_category","embeddable":true,"href":"https:\/\/chilemosaico.cl\/eventos\/wp-json\/wp\/v2\/mec_category?post=17266"},{"taxonomy":"mec_sponsor","embeddable":true,"href":"https:\/\/chilemosaico.cl\/eventos\/wp-json\/wp\/v2\/mec_sponsor?post=17266"}],"curies":[{"name":"wp","href":"https:\/\/api.w.org\/{rel}","templated":true}]}}

Celebración del Día Internacional de la Narración Oral de FINTDAZ

<p align="center"><span style="font-family: Arial, sans-serif;"><span style="font-size: x-large;"><span lang="es-ES"><b>Celebración del Día Internacional de la Narración Oral de FINTDAZ será en el teatro de la Escuela Artística Violeta Parra</b></span></span></span></p>
<ul>
<li>
<p align="justify"><span style="font-family: Arial, sans-serif;"><span style="font-size: medium;"><span lang="es-ES"><b>El viernes 20 de marzo, se presentarán cuatro cuentacuentos de Iquique.</b></span></span></span></p>
</li>
<li>
<p align="justify"><b></b><span style="font-family: Arial, sans-serif;"><span style="font-size: medium;"><b>El XIX Festival Internacional de Teatro y Danza es presentado por Compañía de Teatro Antifaz y Cerro Colorado | BHP y financiado por el Ministerio de las Culturas, las Artes y el Patrimonio, a través del Fondo Nacional de Fomento y Desarrollo de las Artes Escénicas, Línea Festivales y Encuentros de Trayectoria, Convocatoria 2026; Ley de Donaciones Culturales y Programa de Apoyo a Organizaciones Culturales Colaboradoras, Convocatoria 2026.</b></span></span></p>
</li>
</ul>
<p align="justify"><span style="font-family: Arial, sans-serif;"><span style="font-size: medium;">Este viernes 20 de marzo, será el Día Internacional de la Narración Oral y la 19° edición del Festival Internacional de Teatro y Danza FINTDAZ, lo celebrará con un ciclo de cuatro cuentacuentos locales, quienes se presentarán en la Escuela Artística Violeta Parra, a partir de las <strong>20 horas</strong> y con entrada liberada, previamente reservada en fintdaz.cl.</span></span></p>
<p align="justify"><span style="font-family: Arial, sans-serif;"><span style="font-size: medium;">Las obras de las que podrán disfrutar los públicos serán «El camino de Aruma» de Teatro La Chusca, «Las aventuras de Galvarino» de Teatro No Más, «Descubriendo el Malabar» de Claudia Campos y «Cuando cumplí 10 años» de Jesús Zuleta Pérez.</span></span></p>
<p align="justify"><span style="font-family: Arial, sans-serif;"><span style="font-size: medium;">La decimonovena versión de Festival Internacional de Teatro y Danza es presentado por Compañía de Teatro Antifaz y Cerro Colorado | BHP y financiado por el Ministerio de las Culturas, las Artes y el Patrimonio, a través del Fondo Nacional de Fomento y Desarrollo de las Artes Escénicas, Línea Festivales y Encuentros de Trayectoria, Convocatoria 2026; Ley de Donaciones Culturales y el Programa de Apoyo a Organizaciones Culturales Colaboradoras, Convocatoria 2026.</span></span></p>
<p align="justify"><span style="font-family: Arial, sans-serif;"><span style="font-size: medium;">Dicha instancia es el puntapié inicial de los denominados Hitos Programáticos del festival, así como también es parte del día “D” del PAOCC 2026, que tiene como objetivo honrar el arte de contar historias, preservar la tradición oral y fomentar la conexión cultural a través de la palabra hablada.</span></span></p>
<p align="justify"><span style="font-family: Arial, sans-serif;"><span style="font-size: medium;"><span lang="es-ES">La reserva de las entradas gratuitas será a partir del miércoles 18 de marzo, en </span></span></span><span style="color: #0563c1;"><u><a href="http://www.fintdaz.cl/"><span style="font-family: Arial, sans-serif;"><span style="font-size: medium;"><span lang="es-ES"><b>fintdaz.cl</b></span></span></span></a></u></span><span style="font-family: Arial, sans-serif;"><span style="font-size: medium;"><span lang="es-ES"> y en las redes sociales </span></span></span><span style="color: #0563c1;"><u><a href="https://www.facebook.com/fintdazchile"><span style="font-family: Arial, sans-serif;"><span style="font-size: medium;"><span lang="es-ES"><b>Facebook</b></span></span></span></a></u></span><span style="font-family: Arial, sans-serif;"><span style="font-size: medium;"><span lang="es-ES"> e </span></span></span><span style="color: #0563c1;"><u><a href="https://www.instagram.com/fintdazchile"><span style="font-family: Arial, sans-serif;"><span style="font-size: medium;"><span lang="es-ES"><b>Instagram</b></span></span></span></a></u></span><b> </b><span style="font-family: Arial, sans-serif;"><span style="font-size: medium;"><span lang="es-ES">como </span></span></span><span style="font-family: Arial, sans-serif;"><span style="font-size: medium;"><span lang="es-ES"><b>@fintdazchile</b></span></span></span><span style="font-family: Arial, sans-serif;"><span style="font-size: medium;"><span lang="es-ES">.</span></span></span></p>
<p align="justify"><span style="font-family: Arial, sans-serif;"><span style="font-size: medium;">La Compañía de Teatro Profesional Antifaz es financiada por el Ministerio de las Culturas, las Artes y el Patrimonio a través de su Programa de Apoyo a Organizaciones Culturales Colaboradoras, que busca fortalecer y dar continuidad a instituciones y organizaciones culturales de derecho privado y sin fines de lucro. Este programa además es parte del Sistema de Financiamiento a Organizaciones e Infraestructura Cultural del Ministerio de las Culturas, las Artes y el Patrimonio que integra, articula y coordina de forma transversal los planes, programas y fondos orientados al fomento y apoyo de las organizaciones, de la infraestructura cultural, y de la mediación artística. Todo esto con una vocación descentralizada, mecanismos participativos, y la promoción de la creación de redes y asociaciones.</span></span></p>

<p>Celebración del Día Internacional de la Narración Oral de FINTDAZ será en el teatro de la Escuela Artística Violeta Parra El viernes 20 de marzo, se presentarán cuatro cuentacuentos de Iquique. El XIX Festival Internacional de Teatro y Danza es presentado por Compañía de Teatro Antifaz y Cerro Colorado | BHP y financiado por el&#8230;</p>
