{"id":17268,"date":"2026-03-19T11:47:17","date_gmt":"2026-03-19T14:47:17","guid":{"rendered":"https:\/\/chilemosaico.cl\/eventos\/?post_type=mec-events&#038;p=17268"},"modified":"2026-04-01T15:14:31","modified_gmt":"2026-04-01T18:14:31","slug":"inscripciones-escuelas-de-rock-2026-bandas-iquique","status":"publish","type":"mec-events","link":"https:\/\/chilemosaico.cl\/eventos\/eventos\/inscripciones-escuelas-de-rock-2026-bandas-iquique\/","title":{"rendered":"Inscripciones Escuelas de Rock 2026 bandas Iquique"},"content":{"rendered":"<p style=\"text-align: left;\" align=\"center\"><span style=\"font-size: large;\">Ya est\u00e1n abiertas las inscripciones para ser parte de la Red Rock\u00f3dromo 2026<\/span><\/p>\n<p align=\"justify\">\u2022\u2002<b>La convocatoria, a cargo del programa Escuelas de Rock y M<\/b><span style=\"font-family: Aptos, sans-serif;\"><b>\u00fa<\/b><\/span><b>sica Popular del Ministerio de las Culturas, estar<\/b><span style=\"font-family: Aptos, sans-serif;\"><b>\u00e1<\/b><\/span><b> disponible hasta el 31 de marzo en redrockodromo.cultura.gob.cl.<\/b><\/p>\n<p align=\"justify\">Comienza otro ciclo en la Red Rock\u00f3dromo. Se trata de una nueva oportunidad para que bandas y solistas de la regi\u00f3n se conviertan en protagonistas de los festivales y conciertos p\u00fablicos que el Ministerio de las Culturas, las Artes y el Patrimonio organiza, a trav\u00e9s del programa Escuelas de Rock y M\u00fasica Popular.<\/p>\n<p align=\"justify\">La plataforma de postulaci\u00f3n est\u00e1 disponible para recibir inscripciones <strong>hasta el martes 31 de marzo<\/strong>. Durante este periodo permanecer\u00e1 habilitado un formulario de postulaci\u00f3n en redrockodromo.cultura.gob.cl, donde se solicitar\u00e1 informaci\u00f3n respecto al proyecto musical y material para conocer sobre su historia, integrantes, canciones, composiciones y puesta en vivo.<\/p>\n<p align=\"justify\">Todas las bandas que se inscriban en este llamado -y que cumplan con la informaci\u00f3n y material solicitado- podr\u00e1n acceder al ciclo de formaci\u00f3n 2026 que ofrece Escuelas de Rock y M\u00fasica Popular. El ciclo consiste en clases magistrales impartidas v\u00eda telem\u00e1tica, con contenidos a compartir sobre gesti\u00f3n y producci\u00f3n para proyectos musicales.<\/p>\n<p align=\"justify\"><b>IKE IKE<\/b><\/p>\n<p align=\"justify\">La seremi (s) de las Culturas, las Artes y el Patrimonio, Milena Mollo Jachura, destac\u00f3: \u201cluego de las clases magistrales, un jurado evaluar\u00e1 a todos los proyectos musicales inscritos para conformar el cartel de <strong>Ike Ike Festival 2026<\/strong>, el cual tambi\u00e9n es parte de la Red Rock\u00f3dromo. Esas presentaciones en el escenario nos permitir\u00e1n conocer a las bandas o solistas que nos representar\u00e1n como regi\u00f3n en el festival Rock\u00f3dromo 2026 en Valpara\u00edso, uno de los m\u00e1s emblem\u00e1ticos de Chile\u201d.<\/p>\n<p align=\"justify\">Para conocer con detalle los requisitos e inscripciones, en <a href=\"http:\/\/redrockodromo.cultura.gob.cl\">redrockodromo.cultura.gob.cl<\/a><\/p>\n","protected":false},"excerpt":{"rendered":"<p>Ya est\u00e1n abiertas las inscripciones para ser parte de la Red Rock\u00f3dromo 2026 \u2022\u2002La convocatoria, a cargo del programa Escuelas de Rock y M\u00fasica Popular del Ministerio de las Culturas, estar\u00e1 disponible hasta el 31 de marzo en redrockodromo.cultura.gob.cl. Comienza otro ciclo en la Red Rock\u00f3dromo. Se trata de una nueva oportunidad para que bandas&#8230;<\/p>\n","protected":false},"author":1,"featured_media":17270,"comment_status":"closed","ping_status":"closed","template":"","meta":{"om_disable_all_campaigns":false,"_monsterinsights_skip_tracking":false,"_monsterinsights_sitenote_active":false,"_monsterinsights_sitenote_note":"","_monsterinsights_sitenote_category":0,"_kad_post_transparent":"default","_kad_post_title":"default","_kad_post_layout":"default","_kad_post_sidebar_id":"","_kad_post_content_style":"default","_kad_post_vertical_padding":"default","_kad_post_feature":"","_kad_post_feature_position":"","_kad_post_header":false,"_kad_post_footer":false,"_kad_post_classname":""},"tags":[],"mec_category":[],"mec_sponsor":[],"class_list":["post-17268","mec-events","type-mec-events","status-publish","has-post-thumbnail","hentry"],"aioseo_notices":[],"_links":{"self":[{"href":"https:\/\/chilemosaico.cl\/eventos\/wp-json\/wp\/v2\/mec-events\/17268","targetHints":{"allow":["GET"]}}],"collection":[{"href":"https:\/\/chilemosaico.cl\/eventos\/wp-json\/wp\/v2\/mec-events"}],"about":[{"href":"https:\/\/chilemosaico.cl\/eventos\/wp-json\/wp\/v2\/types\/mec-events"}],"author":[{"embeddable":true,"href":"https:\/\/chilemosaico.cl\/eventos\/wp-json\/wp\/v2\/users\/1"}],"replies":[{"embeddable":true,"href":"https:\/\/chilemosaico.cl\/eventos\/wp-json\/wp\/v2\/comments?post=17268"}],"wp:featuredmedia":[{"embeddable":true,"href":"https:\/\/chilemosaico.cl\/eventos\/wp-json\/wp\/v2\/media\/17270"}],"wp:attachment":[{"href":"https:\/\/chilemosaico.cl\/eventos\/wp-json\/wp\/v2\/media?parent=17268"}],"wp:term":[{"taxonomy":"post_tag","embeddable":true,"href":"https:\/\/chilemosaico.cl\/eventos\/wp-json\/wp\/v2\/tags?post=17268"},{"taxonomy":"mec_category","embeddable":true,"href":"https:\/\/chilemosaico.cl\/eventos\/wp-json\/wp\/v2\/mec_category?post=17268"},{"taxonomy":"mec_sponsor","embeddable":true,"href":"https:\/\/chilemosaico.cl\/eventos\/wp-json\/wp\/v2\/mec_sponsor?post=17268"}],"curies":[{"name":"wp","href":"https:\/\/api.w.org\/{rel}","templated":true}]}}

<p style="text-align: left;" align="center"><span style="font-size: large;">Ya están abiertas las inscripciones para ser parte de la Red Rockódromo 2026</span></p>
<p align="justify">• <b>La convocatoria, a cargo del programa Escuelas de Rock y M</b><span style="font-family: Aptos, sans-serif;"><b>ú</b></span><b>sica Popular del Ministerio de las Culturas, estar</b><span style="font-family: Aptos, sans-serif;"><b>á</b></span><b> disponible hasta el 31 de marzo en redrockodromo.cultura.gob.cl.</b></p>
<p align="justify">Comienza otro ciclo en la Red Rockódromo. Se trata de una nueva oportunidad para que bandas y solistas de la región se conviertan en protagonistas de los festivales y conciertos públicos que el Ministerio de las Culturas, las Artes y el Patrimonio organiza, a través del programa Escuelas de Rock y Música Popular.</p>
<p align="justify">La plataforma de postulación está disponible para recibir inscripciones <strong>hasta el martes 31 de marzo</strong>. Durante este periodo permanecerá habilitado un formulario de postulación en redrockodromo.cultura.gob.cl, donde se solicitará información respecto al proyecto musical y material para conocer sobre su historia, integrantes, canciones, composiciones y puesta en vivo.</p>
<p align="justify">Todas las bandas que se inscriban en este llamado -y que cumplan con la información y material solicitado- podrán acceder al ciclo de formación 2026 que ofrece Escuelas de Rock y Música Popular. El ciclo consiste en clases magistrales impartidas vía telemática, con contenidos a compartir sobre gestión y producción para proyectos musicales.</p>
<p align="justify"><b>IKE IKE</b></p>
<p align="justify">La seremi (s) de las Culturas, las Artes y el Patrimonio, Milena Mollo Jachura, destacó: “luego de las clases magistrales, un jurado evaluará a todos los proyectos musicales inscritos para conformar el cartel de <strong>Ike Ike Festival 2026</strong>, el cual también es parte de la Red Rockódromo. Esas presentaciones en el escenario nos permitirán conocer a las bandas o solistas que nos representarán como región en el festival Rockódromo 2026 en Valparaíso, uno de los más emblemáticos de Chile”.</p>
<p align="justify">Para conocer con detalle los requisitos e inscripciones, en <a href="http://redrockodromo.cultura.gob.cl">redrockodromo.cultura.gob.cl</a></p>

<p>Ya están abiertas las inscripciones para ser parte de la Red Rockódromo 2026 • La convocatoria, a cargo del programa Escuelas de Rock y Música Popular del Ministerio de las Culturas, estará disponible hasta el 31 de marzo en redrockodromo.cultura.gob.cl. Comienza otro ciclo en la Red Rockódromo. Se trata de una nueva oportunidad para que bandas&#8230;</p>
