{"id":17339,"date":"2026-04-01T14:21:19","date_gmt":"2026-04-01T17:21:19","guid":{"rendered":"https:\/\/chilemosaico.cl\/eventos\/?post_type=mec-events&#038;p=17339"},"modified":"2026-04-02T13:12:09","modified_gmt":"2026-04-02T16:12:09","slug":"cine-akana-programacion-abril","status":"publish","type":"mec-events","link":"https:\/\/chilemosaico.cl\/eventos\/eventos\/cine-akana-programacion-abril\/","title":{"rendered":"Cine Akana \u2013 Programaci\u00f3n Abril"},"content":{"rendered":"<p><b>Cine chileno y documental llegan a Espacio Akana en la programaci\u00f3n de abril<\/b><\/p>\n<p>Espacio Akana presenta su programaci\u00f3n de abril del Cine Akana, un espacio dedicado a la exhibici\u00f3n de cine chileno independiente, documental y de autor, acompa\u00f1ado de instancias de mediaci\u00f3n y conversaci\u00f3n con realizadores, periodistas y artistas. Esta iniciativa cuenta con el financiamiento del Ministerio de las Culturas, las Artes y el Patrimonio a trav\u00e9s de su Programa de Apoyo a Organizaciones Culturales Colaboradoras.<\/p>\n<p>La programaci\u00f3n del mes contempla la exhibici\u00f3n del documental Si vas para Chile, obra que aborda el conflicto migratorio en el norte del pa\u00eds a partir de los acontecimientos ocurridos en Iquique en 2021, incluyendo un cineforo con Rodrigo Mart\u00ednez y Lonko Monta\u00f1o, periodistas que participaron del documental, en una conversaci\u00f3n mediada por Eduardo Gonz\u00e1lez, actor y director de Espacio Akana. Esta es una iniciativa que cuenta con el financiamiento del Ministerio de las Culturas, las Artes y el Patrimonio a trav\u00e9s de su Programa de Apoyo a Organizaciones Culturales Colaboradoras.<\/p>\n<p>Adem\u00e1s, durante el mes se presentar\u00e1 la pel\u00edcula Matapanki, aclamada cinta chilena de acci\u00f3n y comedia negra dirigida por Diego \u201cMapache\u201d Fuentes, que narra la historia de Ricardo, un joven punk que adquiere superpoderes activados por el alcohol, desatando una s\u00e1tira social con tintes pol\u00edticos y estilo punk.<\/p>\n<p>Estas pel\u00edculas llegan a Espacio Akana gracias a la colaboraci\u00f3n con Miradoc y la Facultad de Comunicaciones de la Universidad del Desarrollo, quienes apoyan la circulaci\u00f3n de cine chileno a lo largo del pa\u00eds.<\/p>\n<p>Funciones abril:<\/p>\n<ul>\n<li aria-level=\"1\">Viernes 10 de abril, 20:00 hrs \u2014 Si vas para Chile + cineforo<\/li>\n<li aria-level=\"1\">Viernes 17 de abril, 19:00 hrs \u2014 Si vas para Chile<\/li>\n<li aria-level=\"1\">Viernes 17 de abril, 20:30 hrs \u2014 Matapanki<\/li>\n<\/ul>\n<p>Las funciones se realizar\u00e1n en Espacio Akana, Iquique. Las entradas estar\u00e1n disponibles en<a href=\"http:\/\/www.espacioakana.cl\"> www.espacioakana.cl<\/a> y tambi\u00e9n en puerta el d\u00eda de cada funci\u00f3n.<\/p>\n<p>Espacio Akana es un espacio cultural independiente con 15 a\u00f1os de trayectoria en la regi\u00f3n de Tarapac\u00e1, dedicado a la formaci\u00f3n, creaci\u00f3n y difusi\u00f3n de las artes esc\u00e9nicas y audiovisuales, generando acceso a programaci\u00f3n cultural y espacios de encuentro para la comunidad.<\/p>\n<p>Espacio Akana forma parte del Programa de Apoyo a Organizaciones Culturales Colaboradoras del Ministerio de las Culturas, las Artes y el Patrimonio, Gobierno de Chile.<\/p>\n<p>Espacio Akana<br \/>\n<a href=\"http:\/\/www.espacioakana.cl\">www.espacioakana.cl<br \/>\n<\/a>Comunicacionesakana@gmail.com<\/p>\n","protected":false},"excerpt":{"rendered":"<p>Cine chileno y documental llegan a Espacio Akana en la programaci\u00f3n de abril Espacio Akana presenta su programaci\u00f3n de abril del Cine Akana, un espacio dedicado a la exhibici\u00f3n de cine chileno independiente, documental y de autor, acompa\u00f1ado de instancias de mediaci\u00f3n y conversaci\u00f3n con realizadores, periodistas y artistas. Esta iniciativa cuenta con el financiamiento&#8230;<\/p>\n","protected":false},"author":1,"featured_media":17340,"comment_status":"closed","ping_status":"closed","template":"","meta":{"om_disable_all_campaigns":false,"_monsterinsights_skip_tracking":false,"_monsterinsights_sitenote_active":false,"_monsterinsights_sitenote_note":"","_monsterinsights_sitenote_category":0,"_kad_post_transparent":"default","_kad_post_title":"default","_kad_post_layout":"default","_kad_post_sidebar_id":"","_kad_post_content_style":"default","_kad_post_vertical_padding":"default","_kad_post_feature":"","_kad_post_feature_position":"","_kad_post_header":false,"_kad_post_footer":false,"_kad_post_classname":""},"tags":[],"mec_category":[],"mec_sponsor":[],"class_list":["post-17339","mec-events","type-mec-events","status-publish","has-post-thumbnail","hentry"],"aioseo_notices":[],"_links":{"self":[{"href":"https:\/\/chilemosaico.cl\/eventos\/wp-json\/wp\/v2\/mec-events\/17339","targetHints":{"allow":["GET"]}}],"collection":[{"href":"https:\/\/chilemosaico.cl\/eventos\/wp-json\/wp\/v2\/mec-events"}],"about":[{"href":"https:\/\/chilemosaico.cl\/eventos\/wp-json\/wp\/v2\/types\/mec-events"}],"author":[{"embeddable":true,"href":"https:\/\/chilemosaico.cl\/eventos\/wp-json\/wp\/v2\/users\/1"}],"replies":[{"embeddable":true,"href":"https:\/\/chilemosaico.cl\/eventos\/wp-json\/wp\/v2\/comments?post=17339"}],"wp:featuredmedia":[{"embeddable":true,"href":"https:\/\/chilemosaico.cl\/eventos\/wp-json\/wp\/v2\/media\/17340"}],"wp:attachment":[{"href":"https:\/\/chilemosaico.cl\/eventos\/wp-json\/wp\/v2\/media?parent=17339"}],"wp:term":[{"taxonomy":"post_tag","embeddable":true,"href":"https:\/\/chilemosaico.cl\/eventos\/wp-json\/wp\/v2\/tags?post=17339"},{"taxonomy":"mec_category","embeddable":true,"href":"https:\/\/chilemosaico.cl\/eventos\/wp-json\/wp\/v2\/mec_category?post=17339"},{"taxonomy":"mec_sponsor","embeddable":true,"href":"https:\/\/chilemosaico.cl\/eventos\/wp-json\/wp\/v2\/mec_sponsor?post=17339"}],"curies":[{"name":"wp","href":"https:\/\/api.w.org\/{rel}","templated":true}]}}

Cine Akana – Programación Abril

<p><b>Cine chileno y documental llegan a Espacio Akana en la programación de abril</b></p>
<p>Espacio Akana presenta su programación de abril del Cine Akana, un espacio dedicado a la exhibición de cine chileno independiente, documental y de autor, acompañado de instancias de mediación y conversación con realizadores, periodistas y artistas. Esta iniciativa cuenta con el financiamiento del Ministerio de las Culturas, las Artes y el Patrimonio a través de su Programa de Apoyo a Organizaciones Culturales Colaboradoras.</p>
<p>La programación del mes contempla la exhibición del documental Si vas para Chile, obra que aborda el conflicto migratorio en el norte del país a partir de los acontecimientos ocurridos en Iquique en 2021, incluyendo un cineforo con Rodrigo Martínez y Lonko Montaño, periodistas que participaron del documental, en una conversación mediada por Eduardo González, actor y director de Espacio Akana. Esta es una iniciativa que cuenta con el financiamiento del Ministerio de las Culturas, las Artes y el Patrimonio a través de su Programa de Apoyo a Organizaciones Culturales Colaboradoras.</p>
<p>Además, durante el mes se presentará la película Matapanki, aclamada cinta chilena de acción y comedia negra dirigida por Diego “Mapache” Fuentes, que narra la historia de Ricardo, un joven punk que adquiere superpoderes activados por el alcohol, desatando una sátira social con tintes políticos y estilo punk.</p>
<p>Estas películas llegan a Espacio Akana gracias a la colaboración con Miradoc y la Facultad de Comunicaciones de la Universidad del Desarrollo, quienes apoyan la circulación de cine chileno a lo largo del país.</p>
<p>Funciones abril:</p>
<ul>
<li aria-level="1">Viernes 10 de abril, 20:00 hrs — Si vas para Chile + cineforo</li>
<li aria-level="1">Viernes 17 de abril, 19:00 hrs — Si vas para Chile</li>
<li aria-level="1">Viernes 17 de abril, 20:30 hrs — Matapanki</li>
</ul>
<p>Las funciones se realizarán en Espacio Akana, Iquique. Las entradas estarán disponibles en<a href="http://www.espacioakana.cl"> www.espacioakana.cl</a> y también en puerta el día de cada función.</p>
<p>Espacio Akana es un espacio cultural independiente con 15 años de trayectoria en la región de Tarapacá, dedicado a la formación, creación y difusión de las artes escénicas y audiovisuales, generando acceso a programación cultural y espacios de encuentro para la comunidad.</p>
<p>Espacio Akana forma parte del Programa de Apoyo a Organizaciones Culturales Colaboradoras del Ministerio de las Culturas, las Artes y el Patrimonio, Gobierno de Chile.</p>
<p>Espacio Akana<br />
<a href="http://www.espacioakana.cl">www.espacioakana.cl<br />
</a>Comunicacionesakana@gmail.com</p>

<p>Cine chileno y documental llegan a Espacio Akana en la programación de abril Espacio Akana presenta su programación de abril del Cine Akana, un espacio dedicado a la exhibición de cine chileno independiente, documental y de autor, acompañado de instancias de mediación y conversación con realizadores, periodistas y artistas. Esta iniciativa cuenta con el financiamiento&#8230;</p>
