{"id":17351,"date":"2026-04-01T14:44:06","date_gmt":"2026-04-01T17:44:06","guid":{"rendered":"https:\/\/chilemosaico.cl\/eventos\/?post_type=mec-events&#038;p=17351"},"modified":"2026-04-01T14:48:47","modified_gmt":"2026-04-01T17:48:47","slug":"laboratorio-de-creacion-literaria","status":"publish","type":"mec-events","link":"https:\/\/chilemosaico.cl\/eventos\/eventos\/laboratorio-de-creacion-literaria\/","title":{"rendered":"Laboratorio de Creaci\u00f3n Literaria"},"content":{"rendered":"<p>\u2728 Laboratorio de Creaci\u00f3n Literaria \u270d\ufe0f\ud83d\udcda<\/p>\n<p>\u00bfTe gusta imaginar, contar historias o explorar la escritura como forma de expresi\u00f3n? \u00a1Este laboratorio es para ti! Te invitamos a experimentar con la literatura, crear relatos propios y activar tu imaginaci\u00f3n a partir de ejercicios y din\u00e1micas creativas.<\/p>\n<p>\ud83d\udcc5 Fechas: S\u00e1bados 11, 18 y 25 de abril<br \/>\n\u23f0 Horario: 15:00 a 17:30 hrs<br \/>\n\ud83d\udccd Lugar: Cecrea Iquique, Baquedano 951<br \/>\n\ud83d\udccc Actividad gratuita para j\u00f3venes de 13 a 19 a\u00f1os.<br \/>\n\ud83d\udd17 Enlace de inscripci\u00f3n en nuestra biograf\u00eda @cecrea_tarapaca<\/p>\n<p>El proceso ser\u00e1 guiado por la escritora Carolina Gonz\u00e1lez, quien compartir\u00e1 herramientas y t\u00e9cnicas narrativas para fortalecer tu estilo y potenciar tu voz creativa.<br \/>\nCarolina Gonz\u00e1lez Vel\u00e1zquez es escritora, tallerista y gestora cultural iquique\u00f1a. Su trabajo transita entre la poes\u00eda, la narrativa y la literatura infantil, y actualmente se desempe\u00f1a como directora nacional de la SECH, impulsando activamente la mediaci\u00f3n lectora y la creaci\u00f3n literaria en Tarapac\u00e1.<\/p>\n<p>\ud83d\udcab Atr\u00e9vete a escribir tu propia historia y descubre el poder de tu voz.<\/p>\n","protected":false},"excerpt":{"rendered":"<p>\u2728 Laboratorio de Creaci\u00f3n Literaria \u270d\ufe0f\ud83d\udcda \u00bfTe gusta imaginar, contar historias o explorar la escritura como forma de expresi\u00f3n? \u00a1Este laboratorio es para ti! Te invitamos a experimentar con la literatura, crear relatos propios y activar tu imaginaci\u00f3n a partir de ejercicios y din\u00e1micas creativas. \ud83d\udcc5 Fechas: S\u00e1bados 11, 18 y 25 de abril \u23f0&#8230;<\/p>\n","protected":false},"author":1,"featured_media":17352,"comment_status":"closed","ping_status":"closed","template":"","meta":{"om_disable_all_campaigns":false,"_monsterinsights_skip_tracking":false,"_monsterinsights_sitenote_active":false,"_monsterinsights_sitenote_note":"","_monsterinsights_sitenote_category":0,"_kad_post_transparent":"default","_kad_post_title":"default","_kad_post_layout":"default","_kad_post_sidebar_id":"","_kad_post_content_style":"default","_kad_post_vertical_padding":"default","_kad_post_feature":"","_kad_post_feature_position":"","_kad_post_header":false,"_kad_post_footer":false,"_kad_post_classname":""},"tags":[],"mec_category":[],"mec_sponsor":[],"class_list":["post-17351","mec-events","type-mec-events","status-publish","has-post-thumbnail","hentry"],"aioseo_notices":[],"_links":{"self":[{"href":"https:\/\/chilemosaico.cl\/eventos\/wp-json\/wp\/v2\/mec-events\/17351","targetHints":{"allow":["GET"]}}],"collection":[{"href":"https:\/\/chilemosaico.cl\/eventos\/wp-json\/wp\/v2\/mec-events"}],"about":[{"href":"https:\/\/chilemosaico.cl\/eventos\/wp-json\/wp\/v2\/types\/mec-events"}],"author":[{"embeddable":true,"href":"https:\/\/chilemosaico.cl\/eventos\/wp-json\/wp\/v2\/users\/1"}],"replies":[{"embeddable":true,"href":"https:\/\/chilemosaico.cl\/eventos\/wp-json\/wp\/v2\/comments?post=17351"}],"wp:featuredmedia":[{"embeddable":true,"href":"https:\/\/chilemosaico.cl\/eventos\/wp-json\/wp\/v2\/media\/17352"}],"wp:attachment":[{"href":"https:\/\/chilemosaico.cl\/eventos\/wp-json\/wp\/v2\/media?parent=17351"}],"wp:term":[{"taxonomy":"post_tag","embeddable":true,"href":"https:\/\/chilemosaico.cl\/eventos\/wp-json\/wp\/v2\/tags?post=17351"},{"taxonomy":"mec_category","embeddable":true,"href":"https:\/\/chilemosaico.cl\/eventos\/wp-json\/wp\/v2\/mec_category?post=17351"},{"taxonomy":"mec_sponsor","embeddable":true,"href":"https:\/\/chilemosaico.cl\/eventos\/wp-json\/wp\/v2\/mec_sponsor?post=17351"}],"curies":[{"name":"wp","href":"https:\/\/api.w.org\/{rel}","templated":true}]}}

Laboratorio de Creación Literaria

<p>✨ Laboratorio de Creación Literaria ✍️📚</p>
<p>¿Te gusta imaginar, contar historias o explorar la escritura como forma de expresión? ¡Este laboratorio es para ti! Te invitamos a experimentar con la literatura, crear relatos propios y activar tu imaginación a partir de ejercicios y dinámicas creativas.</p>
<p>📅 Fechas: Sábados 11, 18 y 25 de abril<br />
⏰ Horario: 15:00 a 17:30 hrs<br />
📍 Lugar: Cecrea Iquique, Baquedano 951<br />
📌 Actividad gratuita para jóvenes de 13 a 19 años.<br />
🔗 Enlace de inscripción en nuestra biografía @cecrea_tarapaca</p>
<p>El proceso será guiado por la escritora Carolina González, quien compartirá herramientas y técnicas narrativas para fortalecer tu estilo y potenciar tu voz creativa.<br />
Carolina González Velázquez es escritora, tallerista y gestora cultural iquiqueña. Su trabajo transita entre la poesía, la narrativa y la literatura infantil, y actualmente se desempeña como directora nacional de la SECH, impulsando activamente la mediación lectora y la creación literaria en Tarapacá.</p>
<p>💫 Atrévete a escribir tu propia historia y descubre el poder de tu voz.</p>

<p>✨ Laboratorio de Creación Literaria ✍️📚 ¿Te gusta imaginar, contar historias o explorar la escritura como forma de expresión? ¡Este laboratorio es para ti! Te invitamos a experimentar con la literatura, crear relatos propios y activar tu imaginación a partir de ejercicios y dinámicas creativas. 📅 Fechas: Sábados 11, 18 y 25 de abril ⏰&#8230;</p>
