{"id":176,"date":"2023-01-09T20:47:50","date_gmt":"2023-01-09T23:47:50","guid":{"rendered":"https:\/\/chilemosaico.cl\/eventos\/?post_type=mec-events&#038;p=176"},"modified":"2023-01-09T20:50:40","modified_gmt":"2023-01-09T23:50:40","slug":"lanzamiento-de-libro-bitacoras-completa-de-jurgen-schafer","status":"publish","type":"mec-events","link":"https:\/\/chilemosaico.cl\/eventos\/eventos\/lanzamiento-de-libro-bitacoras-completa-de-jurgen-schafer\/","title":{"rendered":"Lanzamiento de Libro Bit\u00e1coras Completa de Jurgen Schafer"},"content":{"rendered":"<p>Este mi\u00e9rcoles a las 19.00 horas se lanza el primer libro del escritor iquique\u00f1o Jurgen Schafer. La obra \u00abBIT\u00c1CORAS COMPLETAS\u00bb recopila 50 poemas en prosa que abarcan diversas tem\u00e1ticas.<\/p>\n<p>Invitaci\u00f3n abierta a toda la comunidad<\/p>\n","protected":false},"excerpt":{"rendered":"<p>Este mi\u00e9rcoles a las 19.00 horas se lanza el primer libro del escritor iquique\u00f1o Jurgen Schafer. La obra \u00abBIT\u00c1CORAS COMPLETAS\u00bb recopila 50 poemas en prosa que abarcan diversas tem\u00e1ticas. Invitaci\u00f3n abierta a toda la comunidad<\/p>\n","protected":false},"author":1,"featured_media":177,"comment_status":"closed","ping_status":"closed","template":"","meta":{"om_disable_all_campaigns":false,"_monsterinsights_skip_tracking":false,"_monsterinsights_sitenote_active":false,"_monsterinsights_sitenote_note":"","_monsterinsights_sitenote_category":0,"_kad_post_transparent":"","_kad_post_title":"","_kad_post_layout":"","_kad_post_sidebar_id":"","_kad_post_content_style":"","_kad_post_vertical_padding":"","_kad_post_feature":"","_kad_post_feature_position":"","_kad_post_header":false,"_kad_post_footer":false,"_kad_post_classname":""},"tags":[],"mec_category":[10],"mec_sponsor":[],"class_list":["post-176","mec-events","type-mec-events","status-publish","has-post-thumbnail","hentry","mec_category-artes-literarias"],"aioseo_notices":[],"_links":{"self":[{"href":"https:\/\/chilemosaico.cl\/eventos\/wp-json\/wp\/v2\/mec-events\/176","targetHints":{"allow":["GET"]}}],"collection":[{"href":"https:\/\/chilemosaico.cl\/eventos\/wp-json\/wp\/v2\/mec-events"}],"about":[{"href":"https:\/\/chilemosaico.cl\/eventos\/wp-json\/wp\/v2\/types\/mec-events"}],"author":[{"embeddable":true,"href":"https:\/\/chilemosaico.cl\/eventos\/wp-json\/wp\/v2\/users\/1"}],"replies":[{"embeddable":true,"href":"https:\/\/chilemosaico.cl\/eventos\/wp-json\/wp\/v2\/comments?post=176"}],"wp:featuredmedia":[{"embeddable":true,"href":"https:\/\/chilemosaico.cl\/eventos\/wp-json\/wp\/v2\/media\/177"}],"wp:attachment":[{"href":"https:\/\/chilemosaico.cl\/eventos\/wp-json\/wp\/v2\/media?parent=176"}],"wp:term":[{"taxonomy":"post_tag","embeddable":true,"href":"https:\/\/chilemosaico.cl\/eventos\/wp-json\/wp\/v2\/tags?post=176"},{"taxonomy":"mec_category","embeddable":true,"href":"https:\/\/chilemosaico.cl\/eventos\/wp-json\/wp\/v2\/mec_category?post=176"},{"taxonomy":"mec_sponsor","embeddable":true,"href":"https:\/\/chilemosaico.cl\/eventos\/wp-json\/wp\/v2\/mec_sponsor?post=176"}],"curies":[{"name":"wp","href":"https:\/\/api.w.org\/{rel}","templated":true}]}}

Lanzamiento de Libro Bitácoras Completa de Jurgen Schafer

<p>Este miércoles a las 19.00 horas se lanza el primer libro del escritor iquiqueño Jurgen Schafer. La obra «BITÁCORAS COMPLETAS» recopila 50 poemas en prosa que abarcan diversas temáticas.</p>
<p>Invitación abierta a toda la comunidad</p>

<p>Este miércoles a las 19.00 horas se lanza el primer libro del escritor iquiqueño Jurgen Schafer. La obra «BITÁCORAS COMPLETAS» recopila 50 poemas en prosa que abarcan diversas temáticas. Invitación abierta a toda la comunidad</p>
