{"id":1844,"date":"2023-04-24T21:39:34","date_gmt":"2023-04-25T01:39:34","guid":{"rendered":"https:\/\/chilemosaico.cl\/eventos\/?post_type=mec-events&#038;p=1844"},"modified":"2023-04-24T21:57:58","modified_gmt":"2023-04-25T01:57:58","slug":"feria-andina-de-libros","status":"publish","type":"mec-events","link":"https:\/\/chilemosaico.cl\/eventos\/eventos\/feria-andina-de-libros\/","title":{"rendered":"Feria Andina de Libros"},"content":{"rendered":"<p>Con motivo del \u00abD\u00eda Internacional del libro 2023\u00bb, los escritores aymaras organizados de Arica y Parinacota tienen el agrado de invitar a nuestra amada comunidad a la \u00abFERIA ANDINA DE LIBROS\u00bb, los d\u00edas viernes 28 y s\u00e1bado 29 de Abril, en la intersecci\u00f3n de calles 21 de Mayo con Prat.<\/p>\n<p>Habr\u00e1 exposici\u00f3n, venta y lecturas de los escritores Juan Carlos Mamani Morales , Margarita Figueroa Luisa Figzab , Roberto Samuel Flores Salgado , NIFAM de Nidia Fa\u00fandez y Ver\u00f3nica Yucra Inquiltupa , Juan Jacobo Tancara Chambe y Jos\u00e9 Maldonado Segovia.<\/p>\n","protected":false},"excerpt":{"rendered":"<p>Con motivo del \u00abD\u00eda Internacional del libro 2023\u00bb, los escritores aymaras organizados de Arica y Parinacota tienen el agrado de invitar a nuestra amada comunidad a la \u00abFERIA ANDINA DE LIBROS\u00bb, los d\u00edas viernes 28 y s\u00e1bado 29 de Abril, en la intersecci\u00f3n de calles 21 de Mayo con Prat. Habr\u00e1 exposici\u00f3n, venta y lecturas&#8230;<\/p>\n","protected":false},"author":1,"featured_media":1845,"comment_status":"closed","ping_status":"closed","template":"","meta":{"om_disable_all_campaigns":false,"_monsterinsights_skip_tracking":false,"_monsterinsights_sitenote_active":false,"_monsterinsights_sitenote_note":"","_monsterinsights_sitenote_category":0,"_kad_post_transparent":"","_kad_post_title":"","_kad_post_layout":"","_kad_post_sidebar_id":"","_kad_post_content_style":"","_kad_post_vertical_padding":"","_kad_post_feature":"","_kad_post_feature_position":"","_kad_post_header":false,"_kad_post_footer":false,"_kad_post_classname":""},"tags":[],"mec_category":[10,57],"mec_sponsor":[],"class_list":["post-1844","mec-events","type-mec-events","status-publish","has-post-thumbnail","hentry","mec_category-artes-literarias","mec_category-negocios-y-emprendimiento"],"aioseo_notices":[],"_links":{"self":[{"href":"https:\/\/chilemosaico.cl\/eventos\/wp-json\/wp\/v2\/mec-events\/1844","targetHints":{"allow":["GET"]}}],"collection":[{"href":"https:\/\/chilemosaico.cl\/eventos\/wp-json\/wp\/v2\/mec-events"}],"about":[{"href":"https:\/\/chilemosaico.cl\/eventos\/wp-json\/wp\/v2\/types\/mec-events"}],"author":[{"embeddable":true,"href":"https:\/\/chilemosaico.cl\/eventos\/wp-json\/wp\/v2\/users\/1"}],"replies":[{"embeddable":true,"href":"https:\/\/chilemosaico.cl\/eventos\/wp-json\/wp\/v2\/comments?post=1844"}],"wp:featuredmedia":[{"embeddable":true,"href":"https:\/\/chilemosaico.cl\/eventos\/wp-json\/wp\/v2\/media\/1845"}],"wp:attachment":[{"href":"https:\/\/chilemosaico.cl\/eventos\/wp-json\/wp\/v2\/media?parent=1844"}],"wp:term":[{"taxonomy":"post_tag","embeddable":true,"href":"https:\/\/chilemosaico.cl\/eventos\/wp-json\/wp\/v2\/tags?post=1844"},{"taxonomy":"mec_category","embeddable":true,"href":"https:\/\/chilemosaico.cl\/eventos\/wp-json\/wp\/v2\/mec_category?post=1844"},{"taxonomy":"mec_sponsor","embeddable":true,"href":"https:\/\/chilemosaico.cl\/eventos\/wp-json\/wp\/v2\/mec_sponsor?post=1844"}],"curies":[{"name":"wp","href":"https:\/\/api.w.org\/{rel}","templated":true}]}}

<p>Con motivo del «Día Internacional del libro 2023», los escritores aymaras organizados de Arica y Parinacota tienen el agrado de invitar a nuestra amada comunidad a la «FERIA ANDINA DE LIBROS», los días viernes 28 y sábado 29 de Abril, en la intersección de calles 21 de Mayo con Prat.</p>
<p>Habrá exposición, venta y lecturas de los escritores Juan Carlos Mamani Morales , Margarita Figueroa Luisa Figzab , Roberto Samuel Flores Salgado , NIFAM de Nidia Faúndez y Verónica Yucra Inquiltupa , Juan Jacobo Tancara Chambe y José Maldonado Segovia.</p>

<p>Con motivo del «Día Internacional del libro 2023», los escritores aymaras organizados de Arica y Parinacota tienen el agrado de invitar a nuestra amada comunidad a la «FERIA ANDINA DE LIBROS», los días viernes 28 y sábado 29 de Abril, en la intersección de calles 21 de Mayo con Prat. Habrá exposición, venta y lecturas&#8230;</p>
