{"id":4487,"date":"2023-08-16T16:58:01","date_gmt":"2023-08-16T20:58:01","guid":{"rendered":"https:\/\/chilemosaico.cl\/eventos\/?post_type=mec-events&#038;p=4487"},"modified":"2023-08-16T17:06:30","modified_gmt":"2023-08-16T21:06:30","slug":"cine-foro-el-boton-de-nacar","status":"publish","type":"mec-events","link":"https:\/\/chilemosaico.cl\/eventos\/eventos\/cine-foro-el-boton-de-nacar\/","title":{"rendered":"Cine + Foro: El Bot\u00f3n de N\u00e1car"},"content":{"rendered":"<p>\u00a1Atenci\u00f3n #Iquique!<br \/>\nNos vemos el pr\u00f3ximo viernes 18 de #agosto, a las 19:00 hrs., en la Casa Municipal de la Cultura &#8211; Iquique, con una funci\u00f3n especial de cine + foro de \u00abEl bot\u00f3n de n\u00e1car\u00bb del director Patricio Guzm\u00e1n.<\/p>\n<p>Tendremos la oportunidad de disfrutar este largometraje documental y luego conversar con Hugo Norris, encargado de educaci\u00f3n y promoci\u00f3n del Instituto Nacional de Derechos Humanos &#8211; INDH.<\/p>\n<p>No pierdas la oportunidad de disfrutar de esta premiada realizaci\u00f3n que narra c\u00f3mo el agua tiene memoria, una voz y relata los misterios de la humanidad que se encuentran en el fondo del oc\u00e9ano \u00a1Imperdible!<\/p>\n<p>\u00a1Reserva la fecha y nos vemos en la sala!<\/p>\n","protected":false},"excerpt":{"rendered":"<p>\u00a1Atenci\u00f3n #Iquique! Nos vemos el pr\u00f3ximo viernes 18 de #agosto, a las 19:00 hrs., en la Casa Municipal de la Cultura &#8211; Iquique, con una funci\u00f3n especial de cine + foro de \u00abEl bot\u00f3n de n\u00e1car\u00bb del director Patricio Guzm\u00e1n. Tendremos la oportunidad de disfrutar este largometraje documental y luego conversar con Hugo Norris, encargado&#8230;<\/p>\n","protected":false},"author":1,"featured_media":4488,"comment_status":"closed","ping_status":"closed","template":"","meta":{"om_disable_all_campaigns":false,"_monsterinsights_skip_tracking":false,"_monsterinsights_sitenote_active":false,"_monsterinsights_sitenote_note":"","_monsterinsights_sitenote_category":0,"_kad_post_transparent":"","_kad_post_title":"","_kad_post_layout":"","_kad_post_sidebar_id":"","_kad_post_content_style":"","_kad_post_vertical_padding":"","_kad_post_feature":"","_kad_post_feature_position":"","_kad_post_header":false,"_kad_post_footer":false,"_kad_post_classname":""},"tags":[],"mec_category":[54],"mec_sponsor":[],"class_list":["post-4487","mec-events","type-mec-events","status-publish","has-post-thumbnail","hentry","mec_category-artes-audiovisuales-cine"],"aioseo_notices":[],"_links":{"self":[{"href":"https:\/\/chilemosaico.cl\/eventos\/wp-json\/wp\/v2\/mec-events\/4487","targetHints":{"allow":["GET"]}}],"collection":[{"href":"https:\/\/chilemosaico.cl\/eventos\/wp-json\/wp\/v2\/mec-events"}],"about":[{"href":"https:\/\/chilemosaico.cl\/eventos\/wp-json\/wp\/v2\/types\/mec-events"}],"author":[{"embeddable":true,"href":"https:\/\/chilemosaico.cl\/eventos\/wp-json\/wp\/v2\/users\/1"}],"replies":[{"embeddable":true,"href":"https:\/\/chilemosaico.cl\/eventos\/wp-json\/wp\/v2\/comments?post=4487"}],"wp:featuredmedia":[{"embeddable":true,"href":"https:\/\/chilemosaico.cl\/eventos\/wp-json\/wp\/v2\/media\/4488"}],"wp:attachment":[{"href":"https:\/\/chilemosaico.cl\/eventos\/wp-json\/wp\/v2\/media?parent=4487"}],"wp:term":[{"taxonomy":"post_tag","embeddable":true,"href":"https:\/\/chilemosaico.cl\/eventos\/wp-json\/wp\/v2\/tags?post=4487"},{"taxonomy":"mec_category","embeddable":true,"href":"https:\/\/chilemosaico.cl\/eventos\/wp-json\/wp\/v2\/mec_category?post=4487"},{"taxonomy":"mec_sponsor","embeddable":true,"href":"https:\/\/chilemosaico.cl\/eventos\/wp-json\/wp\/v2\/mec_sponsor?post=4487"}],"curies":[{"name":"wp","href":"https:\/\/api.w.org\/{rel}","templated":true}]}}

Cine + Foro: El Botón de Nácar

<p>¡Atención #Iquique!<br />
Nos vemos el próximo viernes 18 de #agosto, a las 19:00 hrs., en la Casa Municipal de la Cultura &#8211; Iquique, con una función especial de cine + foro de «El botón de nácar» del director Patricio Guzmán.</p>
<p>Tendremos la oportunidad de disfrutar este largometraje documental y luego conversar con Hugo Norris, encargado de educación y promoción del Instituto Nacional de Derechos Humanos &#8211; INDH.</p>
<p>No pierdas la oportunidad de disfrutar de esta premiada realización que narra cómo el agua tiene memoria, una voz y relata los misterios de la humanidad que se encuentran en el fondo del océano ¡Imperdible!</p>
<p>¡Reserva la fecha y nos vemos en la sala!</p>

<p>¡Atención #Iquique! Nos vemos el próximo viernes 18 de #agosto, a las 19:00 hrs., en la Casa Municipal de la Cultura &#8211; Iquique, con una función especial de cine + foro de «El botón de nácar» del director Patricio Guzmán. Tendremos la oportunidad de disfrutar este largometraje documental y luego conversar con Hugo Norris, encargado&#8230;</p>
