{"id":5151,"date":"2023-10-13T23:03:37","date_gmt":"2023-10-14T02:03:37","guid":{"rendered":"https:\/\/chilemosaico.cl\/eventos\/?post_type=mec-events&#038;p=5151"},"modified":"2023-10-13T23:04:13","modified_gmt":"2023-10-14T02:04:13","slug":"documental-saquesqa-lo-que-heredamos-nuestros-ancestros","status":"publish","type":"mec-events","link":"https:\/\/chilemosaico.cl\/eventos\/eventos\/documental-saquesqa-lo-que-heredamos-nuestros-ancestros\/","title":{"rendered":"Documental \u00abSaquesqa, lo que heredamos nuestros ancestros\u00bb"},"content":{"rendered":"<p>\ud83d\udce3Ciclo de documentales gratuitos en  AricaDoc en el Espacio Cultural Rural La Paskana \ud83e\udd29\ud83c\udfac<br \/>\nEste s\u00e1bado 14 de octubre a las 19:00  hrs, no te pierdas la exhibici\u00f3n del corto documental \u00abSaquesqa, lo que heredamos nuestros ancestros\u00bb de la directora Violeta Montallano \ud83c\udfa5. <\/p>\n<p>Sinopsis: \u00bfQu\u00e9 vamos a heredar a nuestros hijos? Se preguntan mujeres y hombres de ocho comunidades originarias que conforman el Ayllu Acre Antequera, en el altiplano boliviano. Su Consejo de Justicia gu\u00eda el recorrido por su territorio, recogiendo testimonios sobre la desertificaci\u00f3n, la contaminaci\u00f3n y la violaci\u00f3n a los derechos humanos, ocasionadas por la miner\u00eda <\/p>\n<p>\u2728 Les esperamos este s\u00e1bado 14 de octubre a las 19:00 hrs en el Espacio Cultural Rural La Paskana , ubicado en la ruta A-133, km 11, Las Maitas, Valle de Azapa.<br \/>\n\u00a1Ven a deleitarte con esta realizaci\u00f3n cinematogr\u00e1fica! \u00a1Nos vemos! \ud83d\udd25<br \/>\nCorto documental gratuito \ud83d\udcb8<\/p>\n","protected":false},"excerpt":{"rendered":"<p>\ud83d\udce3Ciclo de documentales gratuitos en AricaDoc en el Espacio Cultural Rural La Paskana \ud83e\udd29\ud83c\udfac Este s\u00e1bado 14 de octubre a las 19:00 hrs, no te pierdas la exhibici\u00f3n del corto documental \u00abSaquesqa, lo que heredamos nuestros ancestros\u00bb de la directora Violeta Montallano \ud83c\udfa5. Sinopsis: \u00bfQu\u00e9 vamos a heredar a nuestros hijos? Se preguntan mujeres y&#8230;<\/p>\n","protected":false},"author":1,"featured_media":5152,"comment_status":"closed","ping_status":"closed","template":"","meta":{"om_disable_all_campaigns":false,"_monsterinsights_skip_tracking":false,"_monsterinsights_sitenote_active":false,"_monsterinsights_sitenote_note":"","_monsterinsights_sitenote_category":0,"_kad_post_transparent":"","_kad_post_title":"","_kad_post_layout":"","_kad_post_sidebar_id":"","_kad_post_content_style":"","_kad_post_vertical_padding":"","_kad_post_feature":"","_kad_post_feature_position":"","_kad_post_header":false,"_kad_post_footer":false,"_kad_post_classname":""},"tags":[],"mec_category":[54],"mec_sponsor":[],"class_list":["post-5151","mec-events","type-mec-events","status-publish","has-post-thumbnail","hentry","mec_category-artes-audiovisuales-cine"],"aioseo_notices":[],"_links":{"self":[{"href":"https:\/\/chilemosaico.cl\/eventos\/wp-json\/wp\/v2\/mec-events\/5151","targetHints":{"allow":["GET"]}}],"collection":[{"href":"https:\/\/chilemosaico.cl\/eventos\/wp-json\/wp\/v2\/mec-events"}],"about":[{"href":"https:\/\/chilemosaico.cl\/eventos\/wp-json\/wp\/v2\/types\/mec-events"}],"author":[{"embeddable":true,"href":"https:\/\/chilemosaico.cl\/eventos\/wp-json\/wp\/v2\/users\/1"}],"replies":[{"embeddable":true,"href":"https:\/\/chilemosaico.cl\/eventos\/wp-json\/wp\/v2\/comments?post=5151"}],"wp:featuredmedia":[{"embeddable":true,"href":"https:\/\/chilemosaico.cl\/eventos\/wp-json\/wp\/v2\/media\/5152"}],"wp:attachment":[{"href":"https:\/\/chilemosaico.cl\/eventos\/wp-json\/wp\/v2\/media?parent=5151"}],"wp:term":[{"taxonomy":"post_tag","embeddable":true,"href":"https:\/\/chilemosaico.cl\/eventos\/wp-json\/wp\/v2\/tags?post=5151"},{"taxonomy":"mec_category","embeddable":true,"href":"https:\/\/chilemosaico.cl\/eventos\/wp-json\/wp\/v2\/mec_category?post=5151"},{"taxonomy":"mec_sponsor","embeddable":true,"href":"https:\/\/chilemosaico.cl\/eventos\/wp-json\/wp\/v2\/mec_sponsor?post=5151"}],"curies":[{"name":"wp","href":"https:\/\/api.w.org\/{rel}","templated":true}]}}

<p>📣Ciclo de documentales gratuitos en  AricaDoc en el Espacio Cultural Rural La Paskana 🤩🎬<br />
Este sábado 14 de octubre a las 19:00  hrs, no te pierdas la exhibición del corto documental «Saquesqa, lo que heredamos nuestros ancestros» de la directora Violeta Montallano 🎥. </p>
<p>Sinopsis: ¿Qué vamos a heredar a nuestros hijos? Se preguntan mujeres y hombres de ocho comunidades originarias que conforman el Ayllu Acre Antequera, en el altiplano boliviano. Su Consejo de Justicia guía el recorrido por su territorio, recogiendo testimonios sobre la desertificación, la contaminación y la violación a los derechos humanos, ocasionadas por la minería </p>
<p>✨ Les esperamos este sábado 14 de octubre a las 19:00 hrs en el Espacio Cultural Rural La Paskana , ubicado en la ruta A-133, km 11, Las Maitas, Valle de Azapa.<br />
¡Ven a deleitarte con esta realización cinematográfica! ¡Nos vemos! 🔥<br />
Corto documental gratuito 💸</p>

<p>📣Ciclo de documentales gratuitos en AricaDoc en el Espacio Cultural Rural La Paskana 🤩🎬 Este sábado 14 de octubre a las 19:00 hrs, no te pierdas la exhibición del corto documental «Saquesqa, lo que heredamos nuestros ancestros» de la directora Violeta Montallano 🎥. Sinopsis: ¿Qué vamos a heredar a nuestros hijos? Se preguntan mujeres y&#8230;</p>
