{"id":6122,"date":"2023-11-30T21:21:25","date_gmt":"2023-12-01T00:21:25","guid":{"rendered":"https:\/\/chilemosaico.cl\/eventos\/?post_type=mec-events&#038;p=6122"},"modified":"2023-11-30T21:40:09","modified_gmt":"2023-12-01T00:40:09","slug":"plebiscito-de-salida-proceso-constituyente-en-chile-2023","status":"publish","type":"mec-events","link":"https:\/\/chilemosaico.cl\/eventos\/eventos\/plebiscito-de-salida-proceso-constituyente-en-chile-2023\/","title":{"rendered":"Plebiscito de Salida &#8211; Proceso constituyente en Chile 2023"},"content":{"rendered":"<p>El pr\u00f3ximo domingo 17 de diciembre se llevar\u00e1 a cabo en Chile y el extranjero, el Plebiscito de Salida de la propuesta redactada por el Consejo Constitucional. Es de car\u00e1cter obligatorio para todos quienes est\u00e9n habilitados para votar.<\/p>\n<p>Revisa con anticipaci\u00f3n tu mesa de votaci\u00f3n en: <a href=\"https:\/\/www.servel.cl\/\" rel=\"noopener\" target=\"_blank\">www.servel.cl <\/a><\/p>\n","protected":false},"excerpt":{"rendered":"<p>El pr\u00f3ximo domingo 17 de diciembre se llevar\u00e1 a cabo en Chile y el extranjero, el Plebiscito de Salida de la propuesta redactada por el Consejo Constitucional. Es de car\u00e1cter obligatorio para todos quienes est\u00e9n habilitados para votar. Revisa con anticipaci\u00f3n tu mesa de votaci\u00f3n en: www.servel.cl<\/p>\n","protected":false},"author":1,"featured_media":6123,"comment_status":"closed","ping_status":"closed","template":"","meta":{"om_disable_all_campaigns":false,"_monsterinsights_skip_tracking":false,"_monsterinsights_sitenote_active":false,"_monsterinsights_sitenote_note":"","_monsterinsights_sitenote_category":0,"_kad_post_transparent":"","_kad_post_title":"","_kad_post_layout":"","_kad_post_sidebar_id":"","_kad_post_content_style":"","_kad_post_vertical_padding":"","_kad_post_feature":"","_kad_post_feature_position":"","_kad_post_header":false,"_kad_post_footer":false,"_kad_post_classname":""},"tags":[],"mec_category":[60],"mec_sponsor":[],"class_list":["post-6122","mec-events","type-mec-events","status-publish","has-post-thumbnail","hentry","mec_category-temas-sociales"],"aioseo_notices":[],"_links":{"self":[{"href":"https:\/\/chilemosaico.cl\/eventos\/wp-json\/wp\/v2\/mec-events\/6122","targetHints":{"allow":["GET"]}}],"collection":[{"href":"https:\/\/chilemosaico.cl\/eventos\/wp-json\/wp\/v2\/mec-events"}],"about":[{"href":"https:\/\/chilemosaico.cl\/eventos\/wp-json\/wp\/v2\/types\/mec-events"}],"author":[{"embeddable":true,"href":"https:\/\/chilemosaico.cl\/eventos\/wp-json\/wp\/v2\/users\/1"}],"replies":[{"embeddable":true,"href":"https:\/\/chilemosaico.cl\/eventos\/wp-json\/wp\/v2\/comments?post=6122"}],"wp:featuredmedia":[{"embeddable":true,"href":"https:\/\/chilemosaico.cl\/eventos\/wp-json\/wp\/v2\/media\/6123"}],"wp:attachment":[{"href":"https:\/\/chilemosaico.cl\/eventos\/wp-json\/wp\/v2\/media?parent=6122"}],"wp:term":[{"taxonomy":"post_tag","embeddable":true,"href":"https:\/\/chilemosaico.cl\/eventos\/wp-json\/wp\/v2\/tags?post=6122"},{"taxonomy":"mec_category","embeddable":true,"href":"https:\/\/chilemosaico.cl\/eventos\/wp-json\/wp\/v2\/mec_category?post=6122"},{"taxonomy":"mec_sponsor","embeddable":true,"href":"https:\/\/chilemosaico.cl\/eventos\/wp-json\/wp\/v2\/mec_sponsor?post=6122"}],"curies":[{"name":"wp","href":"https:\/\/api.w.org\/{rel}","templated":true}]}}

<p>El próximo domingo 17 de diciembre se llevará a cabo en Chile y el extranjero, el Plebiscito de Salida de la propuesta redactada por el Consejo Constitucional. Es de carácter obligatorio para todos quienes estén habilitados para votar.</p>
<p>Revisa con anticipación tu mesa de votación en: <a href="https://www.servel.cl/" rel="noopener" target="_blank">www.servel.cl </a></p>

<p>El próximo domingo 17 de diciembre se llevará a cabo en Chile y el extranjero, el Plebiscito de Salida de la propuesta redactada por el Consejo Constitucional. Es de carácter obligatorio para todos quienes estén habilitados para votar. Revisa con anticipación tu mesa de votación en: www.servel.cl</p>
