{"id":8555,"date":"2024-03-05T22:36:12","date_gmt":"2024-03-06T01:36:12","guid":{"rendered":"https:\/\/chilemosaico.cl\/eventos\/?post_type=mec-events&#038;p=8555"},"modified":"2024-03-05T22:47:52","modified_gmt":"2024-03-06T01:47:52","slug":"inauguracion-plaza-memorial-feminista-julieta-kirkwood-banados","status":"publish","type":"mec-events","link":"https:\/\/chilemosaico.cl\/eventos\/eventos\/inauguracion-plaza-memorial-feminista-julieta-kirkwood-banados\/","title":{"rendered":"Inauguracion Plaza Memorial Feminista Julieta Kirkwood Ban\u0303ados"},"content":{"rendered":"<p>\ud83d\udc9c Te invitamos a este significativo acto en memoria de las miles mujeres chilenas que durante la dictadura civil militar de 1973-1990, fueron v\u00edctimas de inimaginables atrocidades perpetradas por agentes del Estado de Chile.     <\/p>\n<p>\ud83d\udc9c En honor y en memoria de  nuestras compa\u00f1eras detenidas desaparecidas, ejecutadas pol\u00edticas y a todas aquellas que sufrieron violencia pol\u00edtica sexual.<br \/>\n\ud83d\udc9c Aportamos a este 8M con el lema \u00abFrente a la Violencia Hist\u00f3rica, Memoria Hoy, Ma\u00f1ana y Siempre\u00bb. <\/p>\n<p>\ud83d\uddd3\ufe0f 07 de Marzo<br \/>\n\u23f018:00 horas<br \/>\n\ud83d\udcccCementerio Municipal<\/p>\n","protected":false},"excerpt":{"rendered":"<p>\ud83d\udc9c En honor y en memoria de  nuestras compa\u00f1eras detenidas desaparecidas, ejecutadas pol\u00edticas y a todas aquellas que sufrieron violencia pol\u00edtica sexual.<\/p>\n","protected":false},"author":1,"featured_media":8556,"comment_status":"closed","ping_status":"closed","template":"","meta":{"om_disable_all_campaigns":false,"_monsterinsights_skip_tracking":false,"_monsterinsights_sitenote_active":false,"_monsterinsights_sitenote_note":"","_monsterinsights_sitenote_category":0,"_kad_post_transparent":"","_kad_post_title":"","_kad_post_layout":"","_kad_post_sidebar_id":"","_kad_post_content_style":"","_kad_post_vertical_padding":"","_kad_post_feature":"","_kad_post_feature_position":"","_kad_post_header":false,"_kad_post_footer":false,"_kad_post_classname":""},"tags":[],"mec_category":[60],"mec_sponsor":[],"class_list":["post-8555","mec-events","type-mec-events","status-publish","has-post-thumbnail","hentry","mec_category-temas-sociales"],"aioseo_notices":[],"_links":{"self":[{"href":"https:\/\/chilemosaico.cl\/eventos\/wp-json\/wp\/v2\/mec-events\/8555","targetHints":{"allow":["GET"]}}],"collection":[{"href":"https:\/\/chilemosaico.cl\/eventos\/wp-json\/wp\/v2\/mec-events"}],"about":[{"href":"https:\/\/chilemosaico.cl\/eventos\/wp-json\/wp\/v2\/types\/mec-events"}],"author":[{"embeddable":true,"href":"https:\/\/chilemosaico.cl\/eventos\/wp-json\/wp\/v2\/users\/1"}],"replies":[{"embeddable":true,"href":"https:\/\/chilemosaico.cl\/eventos\/wp-json\/wp\/v2\/comments?post=8555"}],"wp:featuredmedia":[{"embeddable":true,"href":"https:\/\/chilemosaico.cl\/eventos\/wp-json\/wp\/v2\/media\/8556"}],"wp:attachment":[{"href":"https:\/\/chilemosaico.cl\/eventos\/wp-json\/wp\/v2\/media?parent=8555"}],"wp:term":[{"taxonomy":"post_tag","embeddable":true,"href":"https:\/\/chilemosaico.cl\/eventos\/wp-json\/wp\/v2\/tags?post=8555"},{"taxonomy":"mec_category","embeddable":true,"href":"https:\/\/chilemosaico.cl\/eventos\/wp-json\/wp\/v2\/mec_category?post=8555"},{"taxonomy":"mec_sponsor","embeddable":true,"href":"https:\/\/chilemosaico.cl\/eventos\/wp-json\/wp\/v2\/mec_sponsor?post=8555"}],"curies":[{"name":"wp","href":"https:\/\/api.w.org\/{rel}","templated":true}]}}

<p>💜 Te invitamos a este significativo acto en memoria de las miles mujeres chilenas que durante la dictadura civil militar de 1973-1990, fueron víctimas de inimaginables atrocidades perpetradas por agentes del Estado de Chile.     </p>
<p>💜 En honor y en memoria de  nuestras compañeras detenidas desaparecidas, ejecutadas políticas y a todas aquellas que sufrieron violencia política sexual.<br />
💜 Aportamos a este 8M con el lema «Frente a la Violencia Histórica, Memoria Hoy, Mañana y Siempre». </p>
<p>🗓️ 07 de Marzo<br />
⏰18:00 horas<br />
📌Cementerio Municipal</p>

<p>💜 En honor y en memoria de  nuestras compañeras detenidas desaparecidas, ejecutadas políticas y a todas aquellas que sufrieron violencia política sexual.</p>
