{"id":9073,"date":"2024-04-24T15:03:23","date_gmt":"2024-04-24T19:03:23","guid":{"rendered":"https:\/\/chilemosaico.cl\/eventos\/?post_type=mec-events&#038;p=9073"},"modified":"2024-04-24T15:06:37","modified_gmt":"2024-04-24T19:06:37","slug":"accion-de-gracias-reliquia-de-san-lorenzo-de-tarapaca","status":"publish","type":"mec-events","link":"https:\/\/chilemosaico.cl\/eventos\/eventos\/accion-de-gracias-reliquia-de-san-lorenzo-de-tarapaca\/","title":{"rendered":"Acci\u00f3n de Gracias Reliquia de San Lorenzo de Tarapac\u00e1"},"content":{"rendered":"<p>PROGRAMA DE FIESTA DE ACCI\u00d3N DE GRACIAS POR LA RELIQUIA DE SAN LORENZO 2024<br \/>\nBajo el lema \u00abCon San Lorenzo, misionero de los pobres, seamos iglesia prof\u00e9tica en comuni\u00f3n y misi\u00f3n\u00bb, les presentamos con entusiasmo el programa de festividad que nos espera los d\u00edas 26, 27 y 28 de abril. Un llamado a la comuni\u00f3n, la misi\u00f3n y la solidaridad, honrando la inspiraci\u00f3n de San Lorenzo. \u00dananse a nosotros para vivir momentos de fe, reflexi\u00f3n y servicio a los m\u00e1s necesitados. \u00a1Les extendemos la invitaci\u00f3n a compartir juntos estos d\u00edas de celebraci\u00f3n y compromiso cristiano! <\/p>\n<p><a href=\"https:\/\/chilemosaico.cl\/eventos\/wp-content\/uploads\/2024\/04\/Accion-de-Gracias-Reliquia-de-San-Lorenzo-de-Tarapaca-26.jpg\"><img loading=\"lazy\" decoding=\"async\" src=\"https:\/\/chilemosaico.cl\/eventos\/wp-content\/uploads\/2024\/04\/Accion-de-Gracias-Reliquia-de-San-Lorenzo-de-Tarapaca-26.jpg\" alt=\"Acci\u00f3n de Gracias Reliquia de San Lorenzo de Tarapac\u00e1\" width=\"2048\" height=\"2048\" class=\"aligncenter size-full wp-image-9074\" srcset=\"https:\/\/chilemosaico.cl\/eventos\/wp-content\/uploads\/2024\/04\/Accion-de-Gracias-Reliquia-de-San-Lorenzo-de-Tarapaca-26.jpg 2048w, https:\/\/chilemosaico.cl\/eventos\/wp-content\/uploads\/2024\/04\/Accion-de-Gracias-Reliquia-de-San-Lorenzo-de-Tarapaca-26-300x300.jpg 300w, https:\/\/chilemosaico.cl\/eventos\/wp-content\/uploads\/2024\/04\/Accion-de-Gracias-Reliquia-de-San-Lorenzo-de-Tarapaca-26-1024x1024.jpg 1024w, https:\/\/chilemosaico.cl\/eventos\/wp-content\/uploads\/2024\/04\/Accion-de-Gracias-Reliquia-de-San-Lorenzo-de-Tarapaca-26-150x150.jpg 150w, https:\/\/chilemosaico.cl\/eventos\/wp-content\/uploads\/2024\/04\/Accion-de-Gracias-Reliquia-de-San-Lorenzo-de-Tarapaca-26-768x768.jpg 768w, https:\/\/chilemosaico.cl\/eventos\/wp-content\/uploads\/2024\/04\/Accion-de-Gracias-Reliquia-de-San-Lorenzo-de-Tarapaca-26-500x500.jpg 500w, https:\/\/chilemosaico.cl\/eventos\/wp-content\/uploads\/2024\/04\/Accion-de-Gracias-Reliquia-de-San-Lorenzo-de-Tarapaca-26-1536x1536.jpg 1536w\" sizes=\"auto, (max-width: 2048px) 100vw, 2048px\" \/><\/a><\/p>\n<p><a href=\"https:\/\/chilemosaico.cl\/eventos\/wp-content\/uploads\/2024\/04\/Accion-de-Gracias-Reliquia-de-San-Lorenzo-de-Tarapaca-28.jpg\"><img loading=\"lazy\" decoding=\"async\" src=\"https:\/\/chilemosaico.cl\/eventos\/wp-content\/uploads\/2024\/04\/Accion-de-Gracias-Reliquia-de-San-Lorenzo-de-Tarapaca-28.jpg\" alt=\"Acci\u00f3n de Gracias Reliquia de San Lorenzo de Tarapac\u00e1\" width=\"2048\" height=\"2048\" class=\"aligncenter size-full wp-image-9075\" srcset=\"https:\/\/chilemosaico.cl\/eventos\/wp-content\/uploads\/2024\/04\/Accion-de-Gracias-Reliquia-de-San-Lorenzo-de-Tarapaca-28.jpg 2048w, https:\/\/chilemosaico.cl\/eventos\/wp-content\/uploads\/2024\/04\/Accion-de-Gracias-Reliquia-de-San-Lorenzo-de-Tarapaca-28-300x300.jpg 300w, https:\/\/chilemosaico.cl\/eventos\/wp-content\/uploads\/2024\/04\/Accion-de-Gracias-Reliquia-de-San-Lorenzo-de-Tarapaca-28-1024x1024.jpg 1024w, https:\/\/chilemosaico.cl\/eventos\/wp-content\/uploads\/2024\/04\/Accion-de-Gracias-Reliquia-de-San-Lorenzo-de-Tarapaca-28-150x150.jpg 150w, https:\/\/chilemosaico.cl\/eventos\/wp-content\/uploads\/2024\/04\/Accion-de-Gracias-Reliquia-de-San-Lorenzo-de-Tarapaca-28-768x768.jpg 768w, https:\/\/chilemosaico.cl\/eventos\/wp-content\/uploads\/2024\/04\/Accion-de-Gracias-Reliquia-de-San-Lorenzo-de-Tarapaca-28-500x500.jpg 500w, https:\/\/chilemosaico.cl\/eventos\/wp-content\/uploads\/2024\/04\/Accion-de-Gracias-Reliquia-de-San-Lorenzo-de-Tarapaca-28-1536x1536.jpg 1536w\" sizes=\"auto, (max-width: 2048px) 100vw, 2048px\" \/><\/a><\/p>\n","protected":false},"excerpt":{"rendered":"<p>PROGRAMA DE FIESTA DE ACCI\u00d3N DE GRACIAS POR LA RELIQUIA DE SAN LORENZO 2024 Bajo el lema \u00abCon San Lorenzo, misionero de los pobres, seamos iglesia prof\u00e9tica en comuni\u00f3n y misi\u00f3n\u00bb, les presentamos con entusiasmo el programa de festividad que nos espera los d\u00edas 26, 27 y 28 de abril. Un llamado a la comuni\u00f3n,&#8230;<\/p>\n","protected":false},"author":1,"featured_media":9076,"comment_status":"closed","ping_status":"closed","template":"","meta":{"om_disable_all_campaigns":false,"_monsterinsights_skip_tracking":false,"_monsterinsights_sitenote_active":false,"_monsterinsights_sitenote_note":"","_monsterinsights_sitenote_category":0,"_kad_post_transparent":"","_kad_post_title":"","_kad_post_layout":"","_kad_post_sidebar_id":"","_kad_post_content_style":"","_kad_post_vertical_padding":"","_kad_post_feature":"","_kad_post_feature_position":"","_kad_post_header":false,"_kad_post_footer":false,"_kad_post_classname":""},"tags":[],"mec_category":[3],"mec_sponsor":[],"class_list":["post-9073","mec-events","type-mec-events","status-publish","has-post-thumbnail","hentry","mec_category-expresion-tradicional"],"aioseo_notices":[],"_links":{"self":[{"href":"https:\/\/chilemosaico.cl\/eventos\/wp-json\/wp\/v2\/mec-events\/9073","targetHints":{"allow":["GET"]}}],"collection":[{"href":"https:\/\/chilemosaico.cl\/eventos\/wp-json\/wp\/v2\/mec-events"}],"about":[{"href":"https:\/\/chilemosaico.cl\/eventos\/wp-json\/wp\/v2\/types\/mec-events"}],"author":[{"embeddable":true,"href":"https:\/\/chilemosaico.cl\/eventos\/wp-json\/wp\/v2\/users\/1"}],"replies":[{"embeddable":true,"href":"https:\/\/chilemosaico.cl\/eventos\/wp-json\/wp\/v2\/comments?post=9073"}],"wp:featuredmedia":[{"embeddable":true,"href":"https:\/\/chilemosaico.cl\/eventos\/wp-json\/wp\/v2\/media\/9076"}],"wp:attachment":[{"href":"https:\/\/chilemosaico.cl\/eventos\/wp-json\/wp\/v2\/media?parent=9073"}],"wp:term":[{"taxonomy":"post_tag","embeddable":true,"href":"https:\/\/chilemosaico.cl\/eventos\/wp-json\/wp\/v2\/tags?post=9073"},{"taxonomy":"mec_category","embeddable":true,"href":"https:\/\/chilemosaico.cl\/eventos\/wp-json\/wp\/v2\/mec_category?post=9073"},{"taxonomy":"mec_sponsor","embeddable":true,"href":"https:\/\/chilemosaico.cl\/eventos\/wp-json\/wp\/v2\/mec_sponsor?post=9073"}],"curies":[{"name":"wp","href":"https:\/\/api.w.org\/{rel}","templated":true}]}}

Acción de Gracias Reliquia de San Lorenzo de Tarapacá

<p>PROGRAMA DE FIESTA DE ACCIÓN DE GRACIAS POR LA RELIQUIA DE SAN LORENZO 2024<br />
Bajo el lema «Con San Lorenzo, misionero de los pobres, seamos iglesia profética en comunión y misión», les presentamos con entusiasmo el programa de festividad que nos espera los días 26, 27 y 28 de abril. Un llamado a la comunión, la misión y la solidaridad, honrando la inspiración de San Lorenzo. Únanse a nosotros para vivir momentos de fe, reflexión y servicio a los más necesitados. ¡Les extendemos la invitación a compartir juntos estos días de celebración y compromiso cristiano! </p>
<p><a href="https://chilemosaico.cl/eventos/wp-content/uploads/2024/04/Accion-de-Gracias-Reliquia-de-San-Lorenzo-de-Tarapaca-26.jpg"><img loading="lazy" decoding="async" src="https://chilemosaico.cl/eventos/wp-content/uploads/2024/04/Accion-de-Gracias-Reliquia-de-San-Lorenzo-de-Tarapaca-26.jpg" alt="Acción de Gracias Reliquia de San Lorenzo de Tarapacá" width="2048" height="2048" class="aligncenter size-full wp-image-9074" srcset="https://chilemosaico.cl/eventos/wp-content/uploads/2024/04/Accion-de-Gracias-Reliquia-de-San-Lorenzo-de-Tarapaca-26.jpg 2048w, https://chilemosaico.cl/eventos/wp-content/uploads/2024/04/Accion-de-Gracias-Reliquia-de-San-Lorenzo-de-Tarapaca-26-300x300.jpg 300w, https://chilemosaico.cl/eventos/wp-content/uploads/2024/04/Accion-de-Gracias-Reliquia-de-San-Lorenzo-de-Tarapaca-26-1024x1024.jpg 1024w, https://chilemosaico.cl/eventos/wp-content/uploads/2024/04/Accion-de-Gracias-Reliquia-de-San-Lorenzo-de-Tarapaca-26-150x150.jpg 150w, https://chilemosaico.cl/eventos/wp-content/uploads/2024/04/Accion-de-Gracias-Reliquia-de-San-Lorenzo-de-Tarapaca-26-768x768.jpg 768w, https://chilemosaico.cl/eventos/wp-content/uploads/2024/04/Accion-de-Gracias-Reliquia-de-San-Lorenzo-de-Tarapaca-26-500x500.jpg 500w, https://chilemosaico.cl/eventos/wp-content/uploads/2024/04/Accion-de-Gracias-Reliquia-de-San-Lorenzo-de-Tarapaca-26-1536x1536.jpg 1536w" sizes="auto, (max-width: 2048px) 100vw, 2048px" /></a></p>
<p><a href="https://chilemosaico.cl/eventos/wp-content/uploads/2024/04/Accion-de-Gracias-Reliquia-de-San-Lorenzo-de-Tarapaca-28.jpg"><img loading="lazy" decoding="async" src="https://chilemosaico.cl/eventos/wp-content/uploads/2024/04/Accion-de-Gracias-Reliquia-de-San-Lorenzo-de-Tarapaca-28.jpg" alt="Acción de Gracias Reliquia de San Lorenzo de Tarapacá" width="2048" height="2048" class="aligncenter size-full wp-image-9075" srcset="https://chilemosaico.cl/eventos/wp-content/uploads/2024/04/Accion-de-Gracias-Reliquia-de-San-Lorenzo-de-Tarapaca-28.jpg 2048w, https://chilemosaico.cl/eventos/wp-content/uploads/2024/04/Accion-de-Gracias-Reliquia-de-San-Lorenzo-de-Tarapaca-28-300x300.jpg 300w, https://chilemosaico.cl/eventos/wp-content/uploads/2024/04/Accion-de-Gracias-Reliquia-de-San-Lorenzo-de-Tarapaca-28-1024x1024.jpg 1024w, https://chilemosaico.cl/eventos/wp-content/uploads/2024/04/Accion-de-Gracias-Reliquia-de-San-Lorenzo-de-Tarapaca-28-150x150.jpg 150w, https://chilemosaico.cl/eventos/wp-content/uploads/2024/04/Accion-de-Gracias-Reliquia-de-San-Lorenzo-de-Tarapaca-28-768x768.jpg 768w, https://chilemosaico.cl/eventos/wp-content/uploads/2024/04/Accion-de-Gracias-Reliquia-de-San-Lorenzo-de-Tarapaca-28-500x500.jpg 500w, https://chilemosaico.cl/eventos/wp-content/uploads/2024/04/Accion-de-Gracias-Reliquia-de-San-Lorenzo-de-Tarapaca-28-1536x1536.jpg 1536w" sizes="auto, (max-width: 2048px) 100vw, 2048px" /></a></p>

<p>PROGRAMA DE FIESTA DE ACCIÓN DE GRACIAS POR LA RELIQUIA DE SAN LORENZO 2024 Bajo el lema «Con San Lorenzo, misionero de los pobres, seamos iglesia profética en comunión y misión», les presentamos con entusiasmo el programa de festividad que nos espera los días 26, 27 y 28 de abril. Un llamado a la comunión,&#8230;</p>
