{"id":9313,"date":"2024-05-22T14:04:42","date_gmt":"2024-05-22T18:04:42","guid":{"rendered":"https:\/\/chilemosaico.cl\/eventos\/?post_type=mec-events&#038;p=9313"},"modified":"2024-05-22T22:23:06","modified_gmt":"2024-05-23T02:23:06","slug":"dia-de-los-patrimonios-en-ex-salitreras-humberstone-y-santa-laura","status":"publish","type":"mec-events","link":"https:\/\/chilemosaico.cl\/eventos\/eventos\/dia-de-los-patrimonios-en-ex-salitreras-humberstone-y-santa-laura\/","title":{"rendered":"D\u00eda de los Patrimonios en ex-Salitreras Humberstone y Santa Laura"},"content":{"rendered":"<p>INTENSA AGENDA CULTURAL  SE REALIZAR\u00c1N EN HUMBERSTONE DURANTE EL D\u00cdA DE LOS PATRIMONIOS<\/p>\n<p>\u2022 S\u00e1bado 25, jornada de la Ma\u00f1ana:  habr\u00e1 canto l\u00edrico, Banda de Bronces, Coros, Visita de la Brigada Voluntarias por el patrimonio Alto Hospicio y presentaci\u00f3n de la Escuela de cachimbo M\u00e9ndez Albarrac\u00edn, de Tarapac\u00e1.<br \/>\n\u2022 Domingo 26, jornada de la tarde:  250 adultos mayores  de distintas comunas de Tarapac\u00e1 y pampinos, participar\u00e1n en  la jornada \u201cVisitando el Patrimonio Cultural Pampino\u201d<br \/>\n Iquique, 22 de mayo de 2024.-<\/p>\n<p>Una vez m\u00e1s la Salitrera Humberstone ser\u00e1 la locaci\u00f3n ideal para albergar diversas actividades que se realizar\u00e1n en conjunto entre Servicio del Patrimonio Cultural Tarapac\u00e1, SERPAT y la Corporaci\u00f3n Museo del Salitre, (CMS) administradora del Sitio Patrimonio Mundial, el s\u00e1bado 25; y con el aporte de SQM, el domingo 26 de mayo.<\/p>\n<p>El ingreso a las salitreras Humberstone y Santa Laura, ser\u00e1 liberado, el s\u00e1bado entre las 09.00 y las 12.00 horas.<\/p>\n<p>ACTIVIDADES S\u00c1BADO 25<br \/>\nLas actividades, todas incorporadas en la p\u00e1gina oficial del D\u00eda de los Patrimonios,  https:\/\/www.diadelospatrimonios.cl\/inicio, . se pueden revisar, marcando las opciones Regi\u00f3n de Tarapac\u00e1 y comuna de Pozo Almonte.<\/p>\n<p>A las 09.00 horas, se recibir\u00e1 la visita de Agrupaci\u00f3n de Mujeres Brigada Voluntarias por el Patrimonio Alto Hospicio, que desarrollar\u00e1n actividades hasta las 13.00 horas, marcando el recorrido con hitos culturales.<\/p>\n<p>A las 09.30 har\u00e1 su ingreso una Banda de Bronces que realizar\u00e1 un  pasacalle desde el acceso al Sitio Patrimonio Mundial, hasta la plaza de Humberstone, donde interpretar\u00e1 los tradicionales sones nortinos.<\/p>\n<p>10.00 horas. Un evento que por primera vez se realizar\u00e1 en la salitrera Humberstone, es la presentaci\u00f3n de la soprano, de trayectoria nacional y actual directora del Teatro Municipal de Iquique, Marisol Hern\u00e1ndez. Primeramente, la artista se presentar\u00e1 junto al Coro de Voces Blancas y el Coro de C\u00e1mara del Teatro Municipal de Iquique, a partir de las 10.00 horas.<\/p>\n<p>Entre las 11.00 y las 11.30 horas, la cantante soprano, Marisol Hern\u00e1ndez, presentar\u00e1 una gala l\u00edrica en el Teatro la Palma de Humberstone, ubicado al lado de la Escuela N\u00b0 35, locaci\u00f3n escogida por su espectacular ac\u00fastica.<\/p>\n<p>Al mediod\u00eda, las actividades se trasladan a la Iglesia de los Padres Oblatos, de la Salitrera Humberstone, donde se realizar\u00e1 la Misa de \u00c1ngelis, con la intervenci\u00f3n del Coro de Voces Blancas y el Coro de C\u00e1mara del teatro Municipal de Iquique. Este tipo de ritual religioso es una de las piezas m\u00e1s emblem\u00e1ticas en el \u00e1mbito de la m\u00fasica sacra.<br \/>\nEntre las 12.45 y las 13.15, se contempla la presentaci\u00f3n Escuela de Cachimbo M\u00e9ndez Albarrac\u00edn del pueblo de Tarapac\u00e1, en la Plaza de la salitrera Humberstone, acompa\u00f1ada por la Banda de Bronces.<\/p>\n<p>ACTIVIDAD DOMINGO 26<br \/>\nLas actividades por el D\u00eda de los Patrimonios se reanudar\u00e1n el domingo 26 de mayo, con otro hito, en horario de la tarde, entre las 14.00 y las 18.00 hrs. Se trata de una actividad enmarcada en las pol\u00edticas de acci\u00f3n social que emprende SQM, con  el apoyo de la CMS, a trav\u00e9s de proyectos acogidos al financiamiento de la Ley de Donaciones Culturales.<\/p>\n<p>Participar\u00e1n 250 adultos mayores, quienes contar\u00e1n con movilizaci\u00f3n para su traslado desde sus localidades como Huara, La Tirana, Pozo Almonte y pampinos. El objetivo con esta instancia cultural es contribuir a mejorar las condiciones de autoestima de los participantes, al sentirse integrados e incluso, recorriendo una salitrera que muchos conocieron o vivieron.<\/p>\n<p>Se pretende que los participantes puedan disfrutar de estos nuevos intereses, en caso de no conocerlos, fomentar las relaciones interpersonales, el bienestar y la satisfacci\u00f3n, adem\u00e1s de mantener las habilidades cognitivas y psicomotrices.<\/p>\n<p>El programa se inicia con el traslado de las y los adultos mayores participantes, desde sus lugares de origen hacia Humberstone. Para ello se armar\u00e1n grupos de 30 personas, con gu\u00edas para realizar el recorrido  que contempla visitas al entorno de la Salitrera, recorriendo la Pulper\u00eda, el Teatro, la Biblioteca, la Iglesia, el Mercado y Club Sirio, donde se expone la muestra permanente de la Masacre de la Escuela Santa Mar\u00eda de Iquique.<\/p>\n<p>En un sector de la Plaza se ubicar\u00e1 un punto fotogr\u00e1fico, con elementos y accesorios de la \u00e9poca, para que los participantes se puedan fotografiar y llevar de recuerdo. una linda foto del recuerdo que se entregar\u00e1 al final de la jornada.<\/p>\n<p>Habr\u00e1 puntos para hidrataci\u00f3n y zonas de descanso, adem\u00e1s de la habilitaci\u00f3n del hotel en dos espacios diferentes.<\/p>\n<p>Al final de la actividad se realizar\u00e1 tradicional \u201cOnce pampina\u201d, con  productos de la zona y de la \u00e9poca del salitre. Y para animar el encuentro, se presentar\u00e1 el cantante conocido como \u201cel Rey de los boleros\u201d; adem\u00e1s se tocar\u00e1 m\u00fasica de \u00e9poca. Los adultos mayores tambi\u00e9n podr\u00e1n jugar a la lota<\/p>\n<p>Cabe destacar que la actividad contar\u00e1 con un Protocolo de Emergencia, en caso de requerir alguna atenci\u00f3n. <\/p>\n","protected":false},"excerpt":{"rendered":"<p>INTENSA AGENDA CULTURAL  SE REALIZAR\u00c1N EN HUMBERSTONE DURANTE EL D\u00cdA DE LOS PATRIMONIOS<\/p>\n","protected":false},"author":1,"featured_media":9314,"comment_status":"closed","ping_status":"closed","template":"","meta":{"om_disable_all_campaigns":false,"_monsterinsights_skip_tracking":false,"_monsterinsights_sitenote_active":false,"_monsterinsights_sitenote_note":"","_monsterinsights_sitenote_category":0,"_kad_post_transparent":"","_kad_post_title":"","_kad_post_layout":"","_kad_post_sidebar_id":"","_kad_post_content_style":"","_kad_post_vertical_padding":"","_kad_post_feature":"","_kad_post_feature_position":"","_kad_post_header":false,"_kad_post_footer":false,"_kad_post_classname":""},"tags":[],"mec_category":[56],"mec_sponsor":[],"class_list":["post-9313","mec-events","type-mec-events","status-publish","has-post-thumbnail","hentry","mec_category-aire-libre-y-deportes"],"aioseo_notices":[],"_links":{"self":[{"href":"https:\/\/chilemosaico.cl\/eventos\/wp-json\/wp\/v2\/mec-events\/9313","targetHints":{"allow":["GET"]}}],"collection":[{"href":"https:\/\/chilemosaico.cl\/eventos\/wp-json\/wp\/v2\/mec-events"}],"about":[{"href":"https:\/\/chilemosaico.cl\/eventos\/wp-json\/wp\/v2\/types\/mec-events"}],"author":[{"embeddable":true,"href":"https:\/\/chilemosaico.cl\/eventos\/wp-json\/wp\/v2\/users\/1"}],"replies":[{"embeddable":true,"href":"https:\/\/chilemosaico.cl\/eventos\/wp-json\/wp\/v2\/comments?post=9313"}],"wp:featuredmedia":[{"embeddable":true,"href":"https:\/\/chilemosaico.cl\/eventos\/wp-json\/wp\/v2\/media\/9314"}],"wp:attachment":[{"href":"https:\/\/chilemosaico.cl\/eventos\/wp-json\/wp\/v2\/media?parent=9313"}],"wp:term":[{"taxonomy":"post_tag","embeddable":true,"href":"https:\/\/chilemosaico.cl\/eventos\/wp-json\/wp\/v2\/tags?post=9313"},{"taxonomy":"mec_category","embeddable":true,"href":"https:\/\/chilemosaico.cl\/eventos\/wp-json\/wp\/v2\/mec_category?post=9313"},{"taxonomy":"mec_sponsor","embeddable":true,"href":"https:\/\/chilemosaico.cl\/eventos\/wp-json\/wp\/v2\/mec_sponsor?post=9313"}],"curies":[{"name":"wp","href":"https:\/\/api.w.org\/{rel}","templated":true}]}}

Día de los Patrimonios en ex-Salitreras Humberstone y Santa Laura

<p>INTENSA AGENDA CULTURAL  SE REALIZARÁN EN HUMBERSTONE DURANTE EL DÍA DE LOS PATRIMONIOS</p>
<p>• Sábado 25, jornada de la Mañana:  habrá canto lírico, Banda de Bronces, Coros, Visita de la Brigada Voluntarias por el patrimonio Alto Hospicio y presentación de la Escuela de cachimbo Méndez Albarracín, de Tarapacá.<br />
• Domingo 26, jornada de la tarde:  250 adultos mayores  de distintas comunas de Tarapacá y pampinos, participarán en  la jornada “Visitando el Patrimonio Cultural Pampino”<br />
 Iquique, 22 de mayo de 2024.-</p>
<p>Una vez más la Salitrera Humberstone será la locación ideal para albergar diversas actividades que se realizarán en conjunto entre Servicio del Patrimonio Cultural Tarapacá, SERPAT y la Corporación Museo del Salitre, (CMS) administradora del Sitio Patrimonio Mundial, el sábado 25; y con el aporte de SQM, el domingo 26 de mayo.</p>
<p>El ingreso a las salitreras Humberstone y Santa Laura, será liberado, el sábado entre las 09.00 y las 12.00 horas.</p>
<p>ACTIVIDADES SÁBADO 25<br />
Las actividades, todas incorporadas en la página oficial del Día de los Patrimonios,  https://www.diadelospatrimonios.cl/inicio, . se pueden revisar, marcando las opciones Región de Tarapacá y comuna de Pozo Almonte.</p>
<p>A las 09.00 horas, se recibirá la visita de Agrupación de Mujeres Brigada Voluntarias por el Patrimonio Alto Hospicio, que desarrollarán actividades hasta las 13.00 horas, marcando el recorrido con hitos culturales.</p>
<p>A las 09.30 hará su ingreso una Banda de Bronces que realizará un  pasacalle desde el acceso al Sitio Patrimonio Mundial, hasta la plaza de Humberstone, donde interpretará los tradicionales sones nortinos.</p>
<p>10.00 horas. Un evento que por primera vez se realizará en la salitrera Humberstone, es la presentación de la soprano, de trayectoria nacional y actual directora del Teatro Municipal de Iquique, Marisol Hernández. Primeramente, la artista se presentará junto al Coro de Voces Blancas y el Coro de Cámara del Teatro Municipal de Iquique, a partir de las 10.00 horas.</p>
<p>Entre las 11.00 y las 11.30 horas, la cantante soprano, Marisol Hernández, presentará una gala lírica en el Teatro la Palma de Humberstone, ubicado al lado de la Escuela N° 35, locación escogida por su espectacular acústica.</p>
<p>Al mediodía, las actividades se trasladan a la Iglesia de los Padres Oblatos, de la Salitrera Humberstone, donde se realizará la Misa de Ángelis, con la intervención del Coro de Voces Blancas y el Coro de Cámara del teatro Municipal de Iquique. Este tipo de ritual religioso es una de las piezas más emblemáticas en el ámbito de la música sacra.<br />
Entre las 12.45 y las 13.15, se contempla la presentación Escuela de Cachimbo Méndez Albarracín del pueblo de Tarapacá, en la Plaza de la salitrera Humberstone, acompañada por la Banda de Bronces.</p>
<p>ACTIVIDAD DOMINGO 26<br />
Las actividades por el Día de los Patrimonios se reanudarán el domingo 26 de mayo, con otro hito, en horario de la tarde, entre las 14.00 y las 18.00 hrs. Se trata de una actividad enmarcada en las políticas de acción social que emprende SQM, con  el apoyo de la CMS, a través de proyectos acogidos al financiamiento de la Ley de Donaciones Culturales.</p>
<p>Participarán 250 adultos mayores, quienes contarán con movilización para su traslado desde sus localidades como Huara, La Tirana, Pozo Almonte y pampinos. El objetivo con esta instancia cultural es contribuir a mejorar las condiciones de autoestima de los participantes, al sentirse integrados e incluso, recorriendo una salitrera que muchos conocieron o vivieron.</p>
<p>Se pretende que los participantes puedan disfrutar de estos nuevos intereses, en caso de no conocerlos, fomentar las relaciones interpersonales, el bienestar y la satisfacción, además de mantener las habilidades cognitivas y psicomotrices.</p>
<p>El programa se inicia con el traslado de las y los adultos mayores participantes, desde sus lugares de origen hacia Humberstone. Para ello se armarán grupos de 30 personas, con guías para realizar el recorrido  que contempla visitas al entorno de la Salitrera, recorriendo la Pulpería, el Teatro, la Biblioteca, la Iglesia, el Mercado y Club Sirio, donde se expone la muestra permanente de la Masacre de la Escuela Santa María de Iquique.</p>
<p>En un sector de la Plaza se ubicará un punto fotográfico, con elementos y accesorios de la época, para que los participantes se puedan fotografiar y llevar de recuerdo. una linda foto del recuerdo que se entregará al final de la jornada.</p>
<p>Habrá puntos para hidratación y zonas de descanso, además de la habilitación del hotel en dos espacios diferentes.</p>
<p>Al final de la actividad se realizará tradicional “Once pampina”, con  productos de la zona y de la época del salitre. Y para animar el encuentro, se presentará el cantante conocido como “el Rey de los boleros”; además se tocará música de época. Los adultos mayores también podrán jugar a la lota</p>
<p>Cabe destacar que la actividad contará con un Protocolo de Emergencia, en caso de requerir alguna atención. </p>

<p>INTENSA AGENDA CULTURAL  SE REALIZARÁN EN HUMBERSTONE DURANTE EL DÍA DE LOS PATRIMONIOS</p>
