{"id":9371,"date":"2024-05-29T13:33:10","date_gmt":"2024-05-29T17:33:10","guid":{"rendered":"https:\/\/chilemosaico.cl\/eventos\/?post_type=mec-events&#038;p=9371"},"modified":"2024-05-29T13:33:10","modified_gmt":"2024-05-29T17:33:10","slug":"visita-pastoral-virgen-del-carmen-2024-la-tirana","status":"publish","type":"mec-events","link":"https:\/\/chilemosaico.cl\/eventos\/eventos\/visita-pastoral-virgen-del-carmen-2024-la-tirana\/","title":{"rendered":"Visita Pastoral Virgen del Carmen 2024 La Tirana"},"content":{"rendered":"<p>PROGRAMA VISITA PASTORAL VIRGEN DEL CARMEN DE LA TIRANA &#8211; PARROQUIA SAN LORENZO DE TARAPAC\u00c1<br \/>\n\u201cMadre de nuestro Se\u00f1or, san Lorenzo con su pueblo te reciben con fervor\u201d<\/p>\n<p>Acomp\u00e1\u00f1anos en el peregrinar junto a la Chinita del Carmen, el d\u00eda s\u00e1bado 1 de junio cuando por primera vez visite el pueblo de Tarapac\u00e1.<br \/>\n\u00a1VIVA LA VIRGEN DEL CARMEN!<br \/>\n\u00a1VIVA SAN LORENZO!<\/p>\n<p><a href=\"https:\/\/chilemosaico.cl\/eventos\/wp-content\/uploads\/2024\/05\/Visita-Pastoral-Virgen-del-Carmen-2024-La-Tirana-Programa-1.jpg\"><img loading=\"lazy\" decoding=\"async\" src=\"https:\/\/chilemosaico.cl\/eventos\/wp-content\/uploads\/2024\/05\/Visita-Pastoral-Virgen-del-Carmen-2024-La-Tirana-Programa-1.jpg\" alt=\"Visita Pastoral Virgen del Carmen 2024 La Tirana Programa\" width=\"2048\" height=\"2048\" class=\"aligncenter size-full wp-image-9372\" srcset=\"https:\/\/chilemosaico.cl\/eventos\/wp-content\/uploads\/2024\/05\/Visita-Pastoral-Virgen-del-Carmen-2024-La-Tirana-Programa-1.jpg 2048w, https:\/\/chilemosaico.cl\/eventos\/wp-content\/uploads\/2024\/05\/Visita-Pastoral-Virgen-del-Carmen-2024-La-Tirana-Programa-1-300x300.jpg 300w, https:\/\/chilemosaico.cl\/eventos\/wp-content\/uploads\/2024\/05\/Visita-Pastoral-Virgen-del-Carmen-2024-La-Tirana-Programa-1-1024x1024.jpg 1024w, https:\/\/chilemosaico.cl\/eventos\/wp-content\/uploads\/2024\/05\/Visita-Pastoral-Virgen-del-Carmen-2024-La-Tirana-Programa-1-150x150.jpg 150w, https:\/\/chilemosaico.cl\/eventos\/wp-content\/uploads\/2024\/05\/Visita-Pastoral-Virgen-del-Carmen-2024-La-Tirana-Programa-1-768x768.jpg 768w, https:\/\/chilemosaico.cl\/eventos\/wp-content\/uploads\/2024\/05\/Visita-Pastoral-Virgen-del-Carmen-2024-La-Tirana-Programa-1-500x500.jpg 500w, https:\/\/chilemosaico.cl\/eventos\/wp-content\/uploads\/2024\/05\/Visita-Pastoral-Virgen-del-Carmen-2024-La-Tirana-Programa-1-1536x1536.jpg 1536w\" sizes=\"auto, (max-width: 2048px) 100vw, 2048px\" \/><\/a><\/p>\n<p><a href=\"https:\/\/chilemosaico.cl\/eventos\/wp-content\/uploads\/2024\/05\/Visita-Pastoral-Virgen-del-Carmen-2024-La-Tirana-Programa-2.jpg\"><img loading=\"lazy\" decoding=\"async\" src=\"https:\/\/chilemosaico.cl\/eventos\/wp-content\/uploads\/2024\/05\/Visita-Pastoral-Virgen-del-Carmen-2024-La-Tirana-Programa-2.jpg\" alt=\"Visita Pastoral Virgen del Carmen 2024 La Tirana Programa\" width=\"2048\" height=\"2048\" class=\"aligncenter size-full wp-image-9374\" srcset=\"https:\/\/chilemosaico.cl\/eventos\/wp-content\/uploads\/2024\/05\/Visita-Pastoral-Virgen-del-Carmen-2024-La-Tirana-Programa-2.jpg 2048w, https:\/\/chilemosaico.cl\/eventos\/wp-content\/uploads\/2024\/05\/Visita-Pastoral-Virgen-del-Carmen-2024-La-Tirana-Programa-2-300x300.jpg 300w, https:\/\/chilemosaico.cl\/eventos\/wp-content\/uploads\/2024\/05\/Visita-Pastoral-Virgen-del-Carmen-2024-La-Tirana-Programa-2-1024x1024.jpg 1024w, https:\/\/chilemosaico.cl\/eventos\/wp-content\/uploads\/2024\/05\/Visita-Pastoral-Virgen-del-Carmen-2024-La-Tirana-Programa-2-150x150.jpg 150w, https:\/\/chilemosaico.cl\/eventos\/wp-content\/uploads\/2024\/05\/Visita-Pastoral-Virgen-del-Carmen-2024-La-Tirana-Programa-2-768x768.jpg 768w, https:\/\/chilemosaico.cl\/eventos\/wp-content\/uploads\/2024\/05\/Visita-Pastoral-Virgen-del-Carmen-2024-La-Tirana-Programa-2-500x500.jpg 500w, https:\/\/chilemosaico.cl\/eventos\/wp-content\/uploads\/2024\/05\/Visita-Pastoral-Virgen-del-Carmen-2024-La-Tirana-Programa-2-1536x1536.jpg 1536w\" sizes=\"auto, (max-width: 2048px) 100vw, 2048px\" \/><\/a><\/p>\n","protected":false},"excerpt":{"rendered":"<p>PROGRAMA VISITA PASTORAL VIRGEN DEL CARMEN DE LA TIRANA &#8211; PARROQUIA SAN LORENZO DE TARAPAC\u00c1 \u201cMadre de nuestro Se\u00f1or, san Lorenzo con su pueblo te reciben con fervor\u201d Acomp\u00e1\u00f1anos en el peregrinar junto a la Chinita del Carmen, el d\u00eda s\u00e1bado 1 de junio cuando por primera vez visite el pueblo de Tarapac\u00e1. \u00a1VIVA LA&#8230;<\/p>\n","protected":false},"author":1,"featured_media":9373,"comment_status":"closed","ping_status":"closed","template":"","meta":{"om_disable_all_campaigns":false,"_monsterinsights_skip_tracking":false,"_monsterinsights_sitenote_active":false,"_monsterinsights_sitenote_note":"","_monsterinsights_sitenote_category":0,"_kad_post_transparent":"","_kad_post_title":"","_kad_post_layout":"","_kad_post_sidebar_id":"","_kad_post_content_style":"","_kad_post_vertical_padding":"","_kad_post_feature":"","_kad_post_feature_position":"","_kad_post_header":false,"_kad_post_footer":false,"_kad_post_classname":""},"tags":[],"mec_category":[3],"mec_sponsor":[],"class_list":["post-9371","mec-events","type-mec-events","status-publish","has-post-thumbnail","hentry","mec_category-expresion-tradicional"],"aioseo_notices":[],"_links":{"self":[{"href":"https:\/\/chilemosaico.cl\/eventos\/wp-json\/wp\/v2\/mec-events\/9371","targetHints":{"allow":["GET"]}}],"collection":[{"href":"https:\/\/chilemosaico.cl\/eventos\/wp-json\/wp\/v2\/mec-events"}],"about":[{"href":"https:\/\/chilemosaico.cl\/eventos\/wp-json\/wp\/v2\/types\/mec-events"}],"author":[{"embeddable":true,"href":"https:\/\/chilemosaico.cl\/eventos\/wp-json\/wp\/v2\/users\/1"}],"replies":[{"embeddable":true,"href":"https:\/\/chilemosaico.cl\/eventos\/wp-json\/wp\/v2\/comments?post=9371"}],"wp:featuredmedia":[{"embeddable":true,"href":"https:\/\/chilemosaico.cl\/eventos\/wp-json\/wp\/v2\/media\/9373"}],"wp:attachment":[{"href":"https:\/\/chilemosaico.cl\/eventos\/wp-json\/wp\/v2\/media?parent=9371"}],"wp:term":[{"taxonomy":"post_tag","embeddable":true,"href":"https:\/\/chilemosaico.cl\/eventos\/wp-json\/wp\/v2\/tags?post=9371"},{"taxonomy":"mec_category","embeddable":true,"href":"https:\/\/chilemosaico.cl\/eventos\/wp-json\/wp\/v2\/mec_category?post=9371"},{"taxonomy":"mec_sponsor","embeddable":true,"href":"https:\/\/chilemosaico.cl\/eventos\/wp-json\/wp\/v2\/mec_sponsor?post=9371"}],"curies":[{"name":"wp","href":"https:\/\/api.w.org\/{rel}","templated":true}]}}

<p>PROGRAMA VISITA PASTORAL VIRGEN DEL CARMEN DE LA TIRANA &#8211; PARROQUIA SAN LORENZO DE TARAPACÁ<br />
“Madre de nuestro Señor, san Lorenzo con su pueblo te reciben con fervor”</p>
<p>Acompáñanos en el peregrinar junto a la Chinita del Carmen, el día sábado 1 de junio cuando por primera vez visite el pueblo de Tarapacá.<br />
¡VIVA LA VIRGEN DEL CARMEN!<br />
¡VIVA SAN LORENZO!</p>
<p><a href="https://chilemosaico.cl/eventos/wp-content/uploads/2024/05/Visita-Pastoral-Virgen-del-Carmen-2024-La-Tirana-Programa-1.jpg"><img loading="lazy" decoding="async" src="https://chilemosaico.cl/eventos/wp-content/uploads/2024/05/Visita-Pastoral-Virgen-del-Carmen-2024-La-Tirana-Programa-1.jpg" alt="Visita Pastoral Virgen del Carmen 2024 La Tirana Programa" width="2048" height="2048" class="aligncenter size-full wp-image-9372" srcset="https://chilemosaico.cl/eventos/wp-content/uploads/2024/05/Visita-Pastoral-Virgen-del-Carmen-2024-La-Tirana-Programa-1.jpg 2048w, https://chilemosaico.cl/eventos/wp-content/uploads/2024/05/Visita-Pastoral-Virgen-del-Carmen-2024-La-Tirana-Programa-1-300x300.jpg 300w, https://chilemosaico.cl/eventos/wp-content/uploads/2024/05/Visita-Pastoral-Virgen-del-Carmen-2024-La-Tirana-Programa-1-1024x1024.jpg 1024w, https://chilemosaico.cl/eventos/wp-content/uploads/2024/05/Visita-Pastoral-Virgen-del-Carmen-2024-La-Tirana-Programa-1-150x150.jpg 150w, https://chilemosaico.cl/eventos/wp-content/uploads/2024/05/Visita-Pastoral-Virgen-del-Carmen-2024-La-Tirana-Programa-1-768x768.jpg 768w, https://chilemosaico.cl/eventos/wp-content/uploads/2024/05/Visita-Pastoral-Virgen-del-Carmen-2024-La-Tirana-Programa-1-500x500.jpg 500w, https://chilemosaico.cl/eventos/wp-content/uploads/2024/05/Visita-Pastoral-Virgen-del-Carmen-2024-La-Tirana-Programa-1-1536x1536.jpg 1536w" sizes="auto, (max-width: 2048px) 100vw, 2048px" /></a></p>
<p><a href="https://chilemosaico.cl/eventos/wp-content/uploads/2024/05/Visita-Pastoral-Virgen-del-Carmen-2024-La-Tirana-Programa-2.jpg"><img loading="lazy" decoding="async" src="https://chilemosaico.cl/eventos/wp-content/uploads/2024/05/Visita-Pastoral-Virgen-del-Carmen-2024-La-Tirana-Programa-2.jpg" alt="Visita Pastoral Virgen del Carmen 2024 La Tirana Programa" width="2048" height="2048" class="aligncenter size-full wp-image-9374" srcset="https://chilemosaico.cl/eventos/wp-content/uploads/2024/05/Visita-Pastoral-Virgen-del-Carmen-2024-La-Tirana-Programa-2.jpg 2048w, https://chilemosaico.cl/eventos/wp-content/uploads/2024/05/Visita-Pastoral-Virgen-del-Carmen-2024-La-Tirana-Programa-2-300x300.jpg 300w, https://chilemosaico.cl/eventos/wp-content/uploads/2024/05/Visita-Pastoral-Virgen-del-Carmen-2024-La-Tirana-Programa-2-1024x1024.jpg 1024w, https://chilemosaico.cl/eventos/wp-content/uploads/2024/05/Visita-Pastoral-Virgen-del-Carmen-2024-La-Tirana-Programa-2-150x150.jpg 150w, https://chilemosaico.cl/eventos/wp-content/uploads/2024/05/Visita-Pastoral-Virgen-del-Carmen-2024-La-Tirana-Programa-2-768x768.jpg 768w, https://chilemosaico.cl/eventos/wp-content/uploads/2024/05/Visita-Pastoral-Virgen-del-Carmen-2024-La-Tirana-Programa-2-500x500.jpg 500w, https://chilemosaico.cl/eventos/wp-content/uploads/2024/05/Visita-Pastoral-Virgen-del-Carmen-2024-La-Tirana-Programa-2-1536x1536.jpg 1536w" sizes="auto, (max-width: 2048px) 100vw, 2048px" /></a></p>

<p>PROGRAMA VISITA PASTORAL VIRGEN DEL CARMEN DE LA TIRANA &#8211; PARROQUIA SAN LORENZO DE TARAPACÁ “Madre de nuestro Señor, san Lorenzo con su pueblo te reciben con fervor” Acompáñanos en el peregrinar junto a la Chinita del Carmen, el día sábado 1 de junio cuando por primera vez visite el pueblo de Tarapacá. ¡VIVA LA&#8230;</p>
